{"id":71,"date":"2024-02-22T11:23:28","date_gmt":"2024-02-22T10:23:28","guid":{"rendered":"https:\/\/makingblog.audencia.com\/lumos-maxima\/?page_id=71"},"modified":"2024-03-21T08:35:31","modified_gmt":"2024-03-21T07:35:31","slug":"fait-maison","status":"publish","type":"page","link":"https:\/\/makingblog.audencia.com\/lumos-maxima\/fait-maison\/","title":{"rendered":"Fait MAISON"},"content":{"rendered":"\n<div class=\"wp-block-group alignfull is-layout-flow wp-block-group-is-layout-flow\">\n<div class=\"wp-block-cover alignfull is-light has-parallax\" style=\"min-height:100vh;aspect-ratio:unset;\"><span aria-hidden=\"true\" class=\"wp-block-cover__background has-background-dim-40 has-background-dim\" style=\"background-color:#000000\"><\/span><div role=\"img\" class=\"wp-block-cover__image-background wp-image-203 has-parallax\" style=\"background-position:50% 50%;background-image:url(https:\/\/makingblog.audencia.com\/lumos-maxima\/wp-content\/uploads\/2024\/03\/shlag-0hXH3EXo88Q-unsplash.png)\"><\/div><div class=\"wp-block-cover__inner-container is-layout-flow wp-block-cover-is-layout-flow\">\n<h2 class=\"wp-block-heading alignwide has-white-color has-text-color\" style=\"font-size:clamp(27.894px, 1.743rem + ((1vw - 3.2px) * 1.257), 48px);line-height:1.2\"><strong><em>FAIT MAISON<\/em><\/strong><br><strong><em>astuces pratiques<\/em><\/strong><\/h2>\n<\/div><\/div>\n\n\n\n<div class=\"wp-block-group is-layout-flow wp-block-group-is-layout-flow\">\n<hr class=\"wp-block-separator has-text-color has-tertiary-color has-alpha-channel-opacity has-tertiary-background-color has-background is-style-wide\"\/>\n<\/div>\n\n\n\n<div class=\"wp-block-group is-layout-flow wp-block-group-is-layout-flow\" style=\"padding-top:32px\">\n<hr class=\"wp-block-separator has-text-color has-quaternary-color has-alpha-channel-opacity has-quaternary-background-color has-background is-style-wide\"\/>\n\n\n\n<div class=\"wp-block-columns is-layout-flex wp-container-core-columns-is-layout-dc7d48ea wp-block-columns-is-layout-flex\" style=\"padding-top:32px;padding-bottom:32px\">\n<div class=\"wp-block-column is-layout-flow wp-block-column-is-layout-flow\">\n<figure class=\"wp-block-image aligncenter size-large is-resized\"><a href=\"https:\/\/makingblog.audencia.com\/lumos-maxima\/2024\/03\/17\/225\/\"><img fetchpriority=\"high\" decoding=\"async\" width=\"1024\" height=\"576\" src=\"https:\/\/makingblog.audencia.com\/lumos-maxima\/wp-content\/uploads\/2024\/03\/maxresdefault-1024x576.jpg\" alt=\"\" class=\"wp-image-141\" style=\"width:590px;height:auto\" srcset=\"https:\/\/makingblog.audencia.com\/lumos-maxima\/wp-content\/uploads\/2024\/03\/maxresdefault-1024x576.jpg 1024w, https:\/\/makingblog.audencia.com\/lumos-maxima\/wp-content\/uploads\/2024\/03\/maxresdefault-300x169.jpg 300w, https:\/\/makingblog.audencia.com\/lumos-maxima\/wp-content\/uploads\/2024\/03\/maxresdefault-768x432.jpg 768w, https:\/\/makingblog.audencia.com\/lumos-maxima\/wp-content\/uploads\/2024\/03\/maxresdefault.jpg 1280w\" sizes=\"(max-width: 1024px) 100vw, 1024px\" \/><\/a><figcaption class=\"wp-element-caption\"><em>Daniel Craig dans Skyfall<\/em><\/figcaption><\/figure>\n<\/div>\n\n\n\n<div class=\"wp-block-column is-layout-flow wp-block-column-is-layout-flow\">\n<p><\/p>\n\n\n\n<p class=\"has-text-align-center has-extra-large-font-size\"><mark style=\"background-color:rgba(0, 0, 0, 0)\" class=\"has-inline-color has-primary-color\"><a href=\"https:\/\/makingblog.audencia.com\/lumos-maxima\/2024\/03\/17\/225\/\">La nuit am\u00e9ricaine, tourn\u00e9e une sc\u00e8ne de nuit facilement ! <\/a><\/mark><\/p>\n\n\n\n<p class=\"has-text-align-center has-small-font-size\"><strong>Tourner une sc\u00e8ne de nuit, avec un rendu qualitatif s\u2019av\u00e8re rapidement complexe pour des cin\u00e9astes amateurs. Pour pallier \u00e0 ce probl\u00e8me, voici nos quelques conseils !<\/strong><\/p>\n<\/div>\n<\/div>\n<\/div>\n\n\n\n<div class=\"wp-block-group is-layout-flow wp-block-group-is-layout-flow\" style=\"padding-top:32px\">\n<hr class=\"wp-block-separator has-text-color has-quaternary-color has-alpha-channel-opacity has-quaternary-background-color has-background is-style-wide\"\/>\n\n\n\n<div class=\"wp-block-columns is-layout-flex wp-container-core-columns-is-layout-dc7d48ea wp-block-columns-is-layout-flex\" style=\"padding-top:32px;padding-bottom:32px\">\n<div class=\"wp-block-column is-layout-flow wp-block-column-is-layout-flow\">\n<figure class=\"wp-block-image aligncenter size-full is-resized\"><a href=\"https:\/\/makingblog.audencia.com\/lumos-maxima\/2024\/03\/19\/268\/\"><img decoding=\"async\" width=\"1024\" height=\"683\" src=\"https:\/\/makingblog.audencia.com\/lumos-maxima\/wp-content\/uploads\/2024\/03\/contre-jour-peaky-blinders-1024x683-1.jpg\" alt=\"\" class=\"wp-image-246\" style=\"width:558px;height:auto\" srcset=\"https:\/\/makingblog.audencia.com\/lumos-maxima\/wp-content\/uploads\/2024\/03\/contre-jour-peaky-blinders-1024x683-1.jpg 1024w, https:\/\/makingblog.audencia.com\/lumos-maxima\/wp-content\/uploads\/2024\/03\/contre-jour-peaky-blinders-1024x683-1-300x200.jpg 300w, https:\/\/makingblog.audencia.com\/lumos-maxima\/wp-content\/uploads\/2024\/03\/contre-jour-peaky-blinders-1024x683-1-768x512.jpg 768w\" sizes=\"(max-width: 1024px) 100vw, 1024px\" \/><\/a><figcaption class=\"wp-element-caption\"><em>Cillian Murphy dans Peaky blinders<\/em><\/figcaption><\/figure>\n<\/div>\n\n\n\n<div class=\"wp-block-column is-layout-flow wp-block-column-is-layout-flow\">\n<p><\/p>\n\n\n\n<p class=\"has-text-align-center has-extra-large-font-size\"><mark style=\"background-color:rgba(0, 0, 0, 0)\" class=\"has-inline-color has-primary-color\"><a href=\"https:\/\/makingblog.audencia.com\/lumos-maxima\/2024\/03\/19\/268\/\">Comment cr\u00e9er un \u00e9clairage cin\u00e9ma chez soi ? On t\u2019explique l\u2019\u00e9clairage en trois points !<\/a><\/mark><\/p>\n\n\n\n<p class=\"has-text-align-center has-small-font-size\"><strong>La lumi\u00e8re c\u2019est vraiment ce qui peut faire la diff\u00e9rence dans une vid\u00e9o et la pousser au niveau sup\u00e9rieur. Elle guide le regard et influence ce que les spectateurs voient et ressentent des \u00e9motions des personnages. <\/strong><\/p>\n<\/div>\n<\/div>\n<\/div>\n\n\n\n<div class=\"wp-block-group is-layout-flow wp-block-group-is-layout-flow\" style=\"padding-top:32px\">\n<hr class=\"wp-block-separator has-text-color has-quaternary-color has-alpha-channel-opacity has-quaternary-background-color has-background is-style-wide\"\/>\n<\/div>\n<\/div>\n\n\n\n<div class=\"wp-block-group alignfull has-global-padding is-layout-constrained wp-block-group-is-layout-constrained\">\n<div class=\"wp-block-group alignwide is-content-justification-space-between is-layout-flex wp-container-core-group-is-layout-5155a615 wp-block-group-is-layout-flex\">\n<div class=\"wp-block-group is-layout-flex wp-container-core-group-is-layout-75982df3 wp-block-group-is-layout-flex\">\n<div class=\"wp-block-group alignwide is-content-justification-left is-layout-flex wp-container-core-group-is-layout-2160ff9c wp-block-group-is-layout-flex\">\n<p class=\"has-small-font-size\">\u00a9 2023<\/p>\n\n\n<p class=\"wp-block-site-title has-small-font-size\"><a href=\"https:\/\/makingblog.audencia.com\/lumos-maxima\" target=\"_self\" rel=\"home\">LUMOS MAXIMA<\/a><\/p><\/div>\n\n\n\n<p class=\"has-secondary-color has-text-color has-small-font-size\">Theme by <a href=\"https:\/\/andersnoren.se\">Anders Nor\u00e9n<\/a><\/p>\n<\/div>\n\n\n\n<ul class=\"wp-block-social-links has-icon-color is-style-logos-only is-content-justification-right is-layout-flex wp-container-core-social-links-is-layout-d445cf74 wp-block-social-links-is-layout-flex\"><li style=\"color:inherit;\" class=\"wp-social-link wp-social-link-facebook has-foreground-color wp-block-social-link\"><a href=\"https:\/\/facebook.com\" class=\"wp-block-social-link-anchor\"><svg width=\"24\" height=\"24\" viewBox=\"0 0 24 24\" version=\"1.1\" xmlns=\"http:\/\/www.w3.org\/2000\/svg\" aria-hidden=\"true\" focusable=\"false\"><path d=\"M12 2C6.5 2 2 6.5 2 12c0 5 3.7 9.1 8.4 9.9v-7H7.9V12h2.5V9.8c0-2.5 1.5-3.9 3.8-3.9 1.1 0 2.2.2 2.2.2v2.5h-1.3c-1.2 0-1.6.8-1.6 1.6V12h2.8l-.4 2.9h-2.3v7C18.3 21.1 22 17 22 12c0-5.5-4.5-10-10-10z\"><\/path><\/svg><span class=\"wp-block-social-link-label screen-reader-text\">Facebook<\/span><\/a><\/li>\n\n<li style=\"color:inherit;\" class=\"wp-social-link wp-social-link-instagram has-foreground-color wp-block-social-link\"><a href=\"https:\/\/instagram.com\" class=\"wp-block-social-link-anchor\"><svg width=\"24\" height=\"24\" viewBox=\"0 0 24 24\" version=\"1.1\" xmlns=\"http:\/\/www.w3.org\/2000\/svg\" aria-hidden=\"true\" focusable=\"false\"><path d=\"M12,4.622c2.403,0,2.688,0.009,3.637,0.052c0.877,0.04,1.354,0.187,1.671,0.31c0.42,0.163,0.72,0.358,1.035,0.673 c0.315,0.315,0.51,0.615,0.673,1.035c0.123,0.317,0.27,0.794,0.31,1.671c0.043,0.949,0.052,1.234,0.052,3.637 s-0.009,2.688-0.052,3.637c-0.04,0.877-0.187,1.354-0.31,1.671c-0.163,0.42-0.358,0.72-0.673,1.035 c-0.315,0.315-0.615,0.51-1.035,0.673c-0.317,0.123-0.794,0.27-1.671,0.31c-0.949,0.043-1.233,0.052-3.637,0.052 s-2.688-0.009-3.637-0.052c-0.877-0.04-1.354-0.187-1.671-0.31c-0.42-0.163-0.72-0.358-1.035-0.673 c-0.315-0.315-0.51-0.615-0.673-1.035c-0.123-0.317-0.27-0.794-0.31-1.671C4.631,14.688,4.622,14.403,4.622,12 s0.009-2.688,0.052-3.637c0.04-0.877,0.187-1.354,0.31-1.671c0.163-0.42,0.358-0.72,0.673-1.035 c0.315-0.315,0.615-0.51,1.035-0.673c0.317-0.123,0.794-0.27,1.671-0.31C9.312,4.631,9.597,4.622,12,4.622 M12,3 C9.556,3,9.249,3.01,8.289,3.054C7.331,3.098,6.677,3.25,6.105,3.472C5.513,3.702,5.011,4.01,4.511,4.511 c-0.5,0.5-0.808,1.002-1.038,1.594C3.25,6.677,3.098,7.331,3.054,8.289C3.01,9.249,3,9.556,3,12c0,2.444,0.01,2.751,0.054,3.711 c0.044,0.958,0.196,1.612,0.418,2.185c0.23,0.592,0.538,1.094,1.038,1.594c0.5,0.5,1.002,0.808,1.594,1.038 c0.572,0.222,1.227,0.375,2.185,0.418C9.249,20.99,9.556,21,12,21s2.751-0.01,3.711-0.054c0.958-0.044,1.612-0.196,2.185-0.418 c0.592-0.23,1.094-0.538,1.594-1.038c0.5-0.5,0.808-1.002,1.038-1.594c0.222-0.572,0.375-1.227,0.418-2.185 C20.99,14.751,21,14.444,21,12s-0.01-2.751-0.054-3.711c-0.044-0.958-0.196-1.612-0.418-2.185c-0.23-0.592-0.538-1.094-1.038-1.594 c-0.5-0.5-1.002-0.808-1.594-1.038c-0.572-0.222-1.227-0.375-2.185-0.418C14.751,3.01,14.444,3,12,3L12,3z M12,7.378 c-2.552,0-4.622,2.069-4.622,4.622S9.448,16.622,12,16.622s4.622-2.069,4.622-4.622S14.552,7.378,12,7.378z M12,15 c-1.657,0-3-1.343-3-3s1.343-3,3-3s3,1.343,3,3S13.657,15,12,15z M16.804,6.116c-0.596,0-1.08,0.484-1.08,1.08 s0.484,1.08,1.08,1.08c0.596,0,1.08-0.484,1.08-1.08S17.401,6.116,16.804,6.116z\"><\/path><\/svg><span class=\"wp-block-social-link-label screen-reader-text\">Instagram<\/span><\/a><\/li>\n\n<li style=\"color:inherit;\" class=\"wp-social-link wp-social-link-linkedin has-foreground-color wp-block-social-link\"><a href=\"https:\/\/linkedin.com\" class=\"wp-block-social-link-anchor\"><svg width=\"24\" height=\"24\" viewBox=\"0 0 24 24\" version=\"1.1\" xmlns=\"http:\/\/www.w3.org\/2000\/svg\" aria-hidden=\"true\" focusable=\"false\"><path d=\"M19.7,3H4.3C3.582,3,3,3.582,3,4.3v15.4C3,20.418,3.582,21,4.3,21h15.4c0.718,0,1.3-0.582,1.3-1.3V4.3 C21,3.582,20.418,3,19.7,3z M8.339,18.338H5.667v-8.59h2.672V18.338z M7.004,8.574c-0.857,0-1.549-0.694-1.549-1.548 c0-0.855,0.691-1.548,1.549-1.548c0.854,0,1.547,0.694,1.547,1.548C8.551,7.881,7.858,8.574,7.004,8.574z M18.339,18.338h-2.669 v-4.177c0-0.996-0.017-2.278-1.387-2.278c-1.389,0-1.601,1.086-1.601,2.206v4.249h-2.667v-8.59h2.559v1.174h0.037 c0.356-0.675,1.227-1.387,2.526-1.387c2.703,0,3.203,1.779,3.203,4.092V18.338z\"><\/path><\/svg><span class=\"wp-block-social-link-label screen-reader-text\">LinkedIn<\/span><\/a><\/li><\/ul>\n<\/div>\n<\/div>\n","protected":false},"excerpt":{"rendered":"<p>La nuit am\u00e9ricaine, tourn\u00e9e une sc\u00e8ne de nuit facilement ! Tourner une sc\u00e8ne de nuit, avec un rendu qualitatif s\u2019av\u00e8re rapidement complexe pour des cin\u00e9astes amateurs. Pour pallier \u00e0 ce probl\u00e8me, voici nos quelques conseils ! Comment cr\u00e9er un \u00e9clairage cin\u00e9ma chez soi ? On t\u2019explique l\u2019\u00e9clairage en trois points ! La lumi\u00e8re c\u2019est vraiment [&hellip;]<\/p>\n","protected":false},"author":2,"featured_media":0,"parent":0,"menu_order":0,"comment_status":"closed","ping_status":"closed","template":"","meta":{"footnotes":""},"class_list":["post-71","page","type-page","status-publish","hentry"],"_links":{"self":[{"href":"https:\/\/makingblog.audencia.com\/lumos-maxima\/wp-json\/wp\/v2\/pages\/71","targetHints":{"allow":["GET"]}}],"collection":[{"href":"https:\/\/makingblog.audencia.com\/lumos-maxima\/wp-json\/wp\/v2\/pages"}],"about":[{"href":"https:\/\/makingblog.audencia.com\/lumos-maxima\/wp-json\/wp\/v2\/types\/page"}],"author":[{"embeddable":true,"href":"https:\/\/makingblog.audencia.com\/lumos-maxima\/wp-json\/wp\/v2\/users\/2"}],"replies":[{"embeddable":true,"href":"https:\/\/makingblog.audencia.com\/lumos-maxima\/wp-json\/wp\/v2\/comments?post=71"}],"version-history":[{"count":16,"href":"https:\/\/makingblog.audencia.com\/lumos-maxima\/wp-json\/wp\/v2\/pages\/71\/revisions"}],"predecessor-version":[{"id":274,"href":"https:\/\/makingblog.audencia.com\/lumos-maxima\/wp-json\/wp\/v2\/pages\/71\/revisions\/274"}],"wp:attachment":[{"href":"https:\/\/makingblog.audencia.com\/lumos-maxima\/wp-json\/wp\/v2\/media?parent=71"}],"curies":[{"name":"wp","href":"https:\/\/api.w.org\/{rel}","templated":true}]}}