{"id":30,"date":"2024-02-08T11:00:00","date_gmt":"2024-02-08T10:00:00","guid":{"rendered":"https:\/\/makingblog.audencia.com\/hcg\/?page_id=30"},"modified":"2024-03-21T09:33:35","modified_gmt":"2024-03-21T08:33:35","slug":"a-propos-de","status":"publish","type":"page","link":"https:\/\/makingblog.audencia.com\/hcg\/a-propos-de\/","title":{"rendered":"\u00c0 propos"},"content":{"rendered":"\t\t<div data-elementor-type=\"wp-page\" data-elementor-id=\"30\" class=\"elementor elementor-30\">\n\t\t\t\t<div class=\"elementor-element elementor-element-60902f88 e-flex e-con-boxed e-con e-parent\" data-id=\"60902f88\" data-element_type=\"container\" data-settings=\"{&quot;content_width&quot;:&quot;boxed&quot;}\" data-core-v316-plus=\"true\">\n\t\t\t\t\t<div class=\"e-con-inner\">\n\t\t\t\t<div class=\"elementor-element elementor-element-727ce38d elementor-widget elementor-widget-text-editor\" data-id=\"727ce38d\" data-element_type=\"widget\" data-widget_type=\"text-editor.default\">\n\t\t\t\t<div class=\"elementor-widget-container\">\n\t\t\t<style>\/*! elementor - v3.19.0 - 07-02-2024 *\/\n.elementor-widget-text-editor.elementor-drop-cap-view-stacked .elementor-drop-cap{background-color:#69727d;color:#fff}.elementor-widget-text-editor.elementor-drop-cap-view-framed .elementor-drop-cap{color:#69727d;border:3px solid;background-color:transparent}.elementor-widget-text-editor:not(.elementor-drop-cap-view-default) .elementor-drop-cap{margin-top:8px}.elementor-widget-text-editor:not(.elementor-drop-cap-view-default) .elementor-drop-cap-letter{width:1em;height:1em}.elementor-widget-text-editor .elementor-drop-cap{float:left;text-align:center;line-height:1;font-size:50px}.elementor-widget-text-editor .elementor-drop-cap-letter{display:inline-block}<\/style>\t\t\t\t<!-- wp:paragraph -->\n<p><span style=\"font-weight: 400;\">Bienvenue sur\u00a0<strong>Haute Couture Gallery<\/strong>,\u00a0<\/span><span style=\"font-weight: 400;\">le blog qui vous dit tout sur le monde du <strong>luxe<\/strong> et de la <strong>mode<\/strong>. Lola et Louise, les r\u00e9dactrices, vous serviront de guide pour vous livrer les derni\u00e8res tendances et vous initier aux arcanes (de la haute couture) des grandes maisons.\u00a0<\/span><\/p>\n<p><span style=\"font-weight: 400;\">Bonne lecture \ud83d\ude09<\/span><\/p>\n<!-- \/wp:paragraph -->\t\t\t\t\t\t<\/div>\n\t\t\t\t<\/div>\n\t\t\t\t<div class=\"elementor-element elementor-element-22da961 elementor-widget elementor-widget-spacer\" data-id=\"22da961\" data-element_type=\"widget\" data-widget_type=\"spacer.default\">\n\t\t\t\t<div class=\"elementor-widget-container\">\n\t\t\t<style>\/*! elementor - v3.19.0 - 07-02-2024 *\/\n.elementor-column .elementor-spacer-inner{height:var(--spacer-size)}.e-con{--container-widget-width:100%}.e-con-inner>.elementor-widget-spacer,.e-con>.elementor-widget-spacer{width:var(--container-widget-width,var(--spacer-size));--align-self:var(--container-widget-align-self,initial);--flex-shrink:0}.e-con-inner>.elementor-widget-spacer>.elementor-widget-container,.e-con>.elementor-widget-spacer>.elementor-widget-container{height:100%;width:100%}.e-con-inner>.elementor-widget-spacer>.elementor-widget-container>.elementor-spacer,.e-con>.elementor-widget-spacer>.elementor-widget-container>.elementor-spacer{height:100%}.e-con-inner>.elementor-widget-spacer>.elementor-widget-container>.elementor-spacer>.elementor-spacer-inner,.e-con>.elementor-widget-spacer>.elementor-widget-container>.elementor-spacer>.elementor-spacer-inner{height:var(--container-widget-height,var(--spacer-size))}.e-con-inner>.elementor-widget-spacer.elementor-widget-empty,.e-con>.elementor-widget-spacer.elementor-widget-empty{position:relative;min-height:22px;min-width:22px}.e-con-inner>.elementor-widget-spacer.elementor-widget-empty .elementor-widget-empty-icon,.e-con>.elementor-widget-spacer.elementor-widget-empty .elementor-widget-empty-icon{position:absolute;top:0;bottom:0;left:0;right:0;margin:auto;padding:0;width:22px;height:22px}<\/style>\t\t<div class=\"elementor-spacer\">\n\t\t\t<div class=\"elementor-spacer-inner\"><\/div>\n\t\t<\/div>\n\t\t\t\t<\/div>\n\t\t\t\t<\/div>\n\t\t\t\t\t<\/div>\n\t\t\t\t<\/div>\n\t\t<div class=\"elementor-element elementor-element-456a9cd e-flex e-con-boxed e-con e-parent\" data-id=\"456a9cd\" data-element_type=\"container\" data-settings=\"{&quot;content_width&quot;:&quot;boxed&quot;}\" data-core-v316-plus=\"true\">\n\t\t\t\t\t<div class=\"e-con-inner\">\n\t\t<div class=\"elementor-element elementor-element-f2a4862 e-con-full e-flex e-con e-child\" data-id=\"f2a4862\" data-element_type=\"container\" data-settings=\"{&quot;content_width&quot;:&quot;full&quot;}\">\n\t\t\t\t<div class=\"elementor-element elementor-element-ea70c3d elementor-widget__width-initial elementor-widget elementor-widget-image\" data-id=\"ea70c3d\" data-element_type=\"widget\" data-widget_type=\"image.default\">\n\t\t\t\t<div class=\"elementor-widget-container\">\n\t\t\t<style>\/*! elementor - v3.19.0 - 07-02-2024 *\/\n.elementor-widget-image{text-align:center}.elementor-widget-image a{display:inline-block}.elementor-widget-image a img[src$=\".svg\"]{width:48px}.elementor-widget-image img{vertical-align:middle;display:inline-block}<\/style>\t\t\t\t\t\t\t\t\t\t<img fetchpriority=\"high\" decoding=\"async\" width=\"896\" height=\"1024\" src=\"https:\/\/makingblog.audencia.com\/hcg\/wp-content\/uploads\/2024\/02\/IMG_20231020_165027_430-896x1024.webp\" class=\"attachment-large size-large wp-image-107\" alt=\"\" srcset=\"https:\/\/makingblog.audencia.com\/hcg\/wp-content\/uploads\/2024\/02\/IMG_20231020_165027_430-896x1024.webp 896w, https:\/\/makingblog.audencia.com\/hcg\/wp-content\/uploads\/2024\/02\/IMG_20231020_165027_430-263x300.webp 263w, https:\/\/makingblog.audencia.com\/hcg\/wp-content\/uploads\/2024\/02\/IMG_20231020_165027_430.webp 1080w\" sizes=\"100vw\" \/>\t\t\t\t\t\t\t\t\t\t\t\t\t<\/div>\n\t\t\t\t<\/div>\n\t\t\t\t<\/div>\n\t\t<div class=\"elementor-element elementor-element-b4a4fc0 e-con-full e-flex e-con e-child\" data-id=\"b4a4fc0\" data-element_type=\"container\" data-settings=\"{&quot;content_width&quot;:&quot;full&quot;}\">\n\t\t\t\t<div class=\"elementor-element elementor-element-a5f8f6a elementor-widget elementor-widget-text-editor\" data-id=\"a5f8f6a\" data-element_type=\"widget\" data-widget_type=\"text-editor.default\">\n\t\t\t\t<div class=\"elementor-widget-container\">\n\t\t\t\t\t\t\t<p><span style=\"font-weight: 400; color: #000000;\">Elle adore la beaut\u00e9 des objets et les id\u00e9es cr\u00e9atives des designers, surtout chez Jacquemus et Louis Vuitton. Elle lit de nombreux magazines pour \u00eatre au courant de l\u2019actualit\u00e9 des grandes marques de luxe.<\/span><\/p>\t\t\t\t\t\t<\/div>\n\t\t\t\t<\/div>\n\t\t\t\t<div class=\"elementor-element elementor-element-90e35a7 elementor-widget elementor-widget-image\" data-id=\"90e35a7\" data-element_type=\"widget\" data-widget_type=\"image.default\">\n\t\t\t\t<div class=\"elementor-widget-container\">\n\t\t\t\t\t\t\t\t\t\t\t\t\t<img decoding=\"async\" width=\"950\" height=\"322\" src=\"https:\/\/makingblog.audencia.com\/hcg\/wp-content\/uploads\/2024\/02\/Vide-1-Panneau-Paysage-Bande-dessinee-e1707986807981-1024x347.png\" class=\"attachment-large size-large wp-image-109\" alt=\"\" srcset=\"https:\/\/makingblog.audencia.com\/hcg\/wp-content\/uploads\/2024\/02\/Vide-1-Panneau-Paysage-Bande-dessinee-e1707986807981-1024x347.png 1024w, https:\/\/makingblog.audencia.com\/hcg\/wp-content\/uploads\/2024\/02\/Vide-1-Panneau-Paysage-Bande-dessinee-e1707986807981-300x102.png 300w, https:\/\/makingblog.audencia.com\/hcg\/wp-content\/uploads\/2024\/02\/Vide-1-Panneau-Paysage-Bande-dessinee-e1707986807981-1536x520.png 1536w, https:\/\/makingblog.audencia.com\/hcg\/wp-content\/uploads\/2024\/02\/Vide-1-Panneau-Paysage-Bande-dessinee-e1707986807981-768x260.png 768w, https:\/\/makingblog.audencia.com\/hcg\/wp-content\/uploads\/2024\/02\/Vide-1-Panneau-Paysage-Bande-dessinee-e1707986807981.png 1840w\" sizes=\"100vw\" \/>\t\t\t\t\t\t\t\t\t\t\t\t\t<\/div>\n\t\t\t\t<\/div>\n\t\t\t\t<\/div>\n\t\t\t\t\t<\/div>\n\t\t\t\t<\/div>\n\t\t<div class=\"elementor-element elementor-element-3a194e2 e-flex e-con-boxed e-con e-parent\" data-id=\"3a194e2\" data-element_type=\"container\" data-settings=\"{&quot;content_width&quot;:&quot;boxed&quot;}\" data-core-v316-plus=\"true\">\n\t\t\t\t\t<div class=\"e-con-inner\">\n\t\t<div class=\"elementor-element elementor-element-a98cd6e e-con-full e-flex e-con e-child\" data-id=\"a98cd6e\" data-element_type=\"container\" data-settings=\"{&quot;content_width&quot;:&quot;full&quot;}\">\n\t\t\t\t<div class=\"elementor-element elementor-element-3696e09 elementor-widget-divider--view-line elementor-widget elementor-widget-divider\" data-id=\"3696e09\" data-element_type=\"widget\" data-widget_type=\"divider.default\">\n\t\t\t\t<div class=\"elementor-widget-container\">\n\t\t\t<style>\/*! elementor - v3.19.0 - 07-02-2024 *\/\n.elementor-widget-divider{--divider-border-style:none;--divider-border-width:1px;--divider-color:#0c0d0e;--divider-icon-size:20px;--divider-element-spacing:10px;--divider-pattern-height:24px;--divider-pattern-size:20px;--divider-pattern-url:none;--divider-pattern-repeat:repeat-x}.elementor-widget-divider .elementor-divider{display:flex}.elementor-widget-divider .elementor-divider__text{font-size:15px;line-height:1;max-width:95%}.elementor-widget-divider .elementor-divider__element{margin:0 var(--divider-element-spacing);flex-shrink:0}.elementor-widget-divider .elementor-icon{font-size:var(--divider-icon-size)}.elementor-widget-divider .elementor-divider-separator{display:flex;margin:0;direction:ltr}.elementor-widget-divider--view-line_icon .elementor-divider-separator,.elementor-widget-divider--view-line_text .elementor-divider-separator{align-items:center}.elementor-widget-divider--view-line_icon .elementor-divider-separator:after,.elementor-widget-divider--view-line_icon .elementor-divider-separator:before,.elementor-widget-divider--view-line_text .elementor-divider-separator:after,.elementor-widget-divider--view-line_text .elementor-divider-separator:before{display:block;content:\"\";border-block-end:0;flex-grow:1;border-block-start:var(--divider-border-width) var(--divider-border-style) var(--divider-color)}.elementor-widget-divider--element-align-left .elementor-divider .elementor-divider-separator>.elementor-divider__svg:first-of-type{flex-grow:0;flex-shrink:100}.elementor-widget-divider--element-align-left .elementor-divider-separator:before{content:none}.elementor-widget-divider--element-align-left .elementor-divider__element{margin-left:0}.elementor-widget-divider--element-align-right .elementor-divider .elementor-divider-separator>.elementor-divider__svg:last-of-type{flex-grow:0;flex-shrink:100}.elementor-widget-divider--element-align-right .elementor-divider-separator:after{content:none}.elementor-widget-divider--element-align-right .elementor-divider__element{margin-right:0}.elementor-widget-divider--element-align-start .elementor-divider .elementor-divider-separator>.elementor-divider__svg:first-of-type{flex-grow:0;flex-shrink:100}.elementor-widget-divider--element-align-start .elementor-divider-separator:before{content:none}.elementor-widget-divider--element-align-start .elementor-divider__element{margin-inline-start:0}.elementor-widget-divider--element-align-end .elementor-divider .elementor-divider-separator>.elementor-divider__svg:last-of-type{flex-grow:0;flex-shrink:100}.elementor-widget-divider--element-align-end .elementor-divider-separator:after{content:none}.elementor-widget-divider--element-align-end .elementor-divider__element{margin-inline-end:0}.elementor-widget-divider:not(.elementor-widget-divider--view-line_text):not(.elementor-widget-divider--view-line_icon) .elementor-divider-separator{border-block-start:var(--divider-border-width) var(--divider-border-style) var(--divider-color)}.elementor-widget-divider--separator-type-pattern{--divider-border-style:none}.elementor-widget-divider--separator-type-pattern.elementor-widget-divider--view-line .elementor-divider-separator,.elementor-widget-divider--separator-type-pattern:not(.elementor-widget-divider--view-line) .elementor-divider-separator:after,.elementor-widget-divider--separator-type-pattern:not(.elementor-widget-divider--view-line) .elementor-divider-separator:before,.elementor-widget-divider--separator-type-pattern:not([class*=elementor-widget-divider--view]) .elementor-divider-separator{width:100%;min-height:var(--divider-pattern-height);-webkit-mask-size:var(--divider-pattern-size) 100%;mask-size:var(--divider-pattern-size) 100%;-webkit-mask-repeat:var(--divider-pattern-repeat);mask-repeat:var(--divider-pattern-repeat);background-color:var(--divider-color);-webkit-mask-image:var(--divider-pattern-url);mask-image:var(--divider-pattern-url)}.elementor-widget-divider--no-spacing{--divider-pattern-size:auto}.elementor-widget-divider--bg-round{--divider-pattern-repeat:round}.rtl .elementor-widget-divider .elementor-divider__text{direction:rtl}.e-con-inner>.elementor-widget-divider,.e-con>.elementor-widget-divider{width:var(--container-widget-width,100%);--flex-grow:var(--container-widget-flex-grow)}<\/style>\t\t<div class=\"elementor-divider\">\n\t\t\t<span class=\"elementor-divider-separator\">\n\t\t\t\t\t\t<\/span>\n\t\t<\/div>\n\t\t\t\t<\/div>\n\t\t\t\t<\/div>\n\t\t\t\t<div class=\"elementor-element elementor-element-524c5ff elementor-widget elementor-widget-text-editor\" data-id=\"524c5ff\" data-element_type=\"widget\" data-widget_type=\"text-editor.default\">\n\t\t\t\t<div class=\"elementor-widget-container\">\n\t\t\t\t\t\t\t<p><span style=\"font-weight: 400; color: #000000;\">Passionn\u00e9e d\u2019<strong>art<\/strong> et de<strong> culture<\/strong> depuis l\u2019enfance, c\u2019est tr\u00e8s t\u00f4t qu\u2019elle s\u2019est tourn\u00e9e vers la <strong>mode<\/strong>. Son passe-temps favori ? scruter les<strong> fashion week<\/strong> pour deviner les <strong>tendances<\/strong> \u00e0 venir. Ses maisons pr\u00e9f\u00e9r\u00e9es ? <strong>Valentino<\/strong>, <strong>Schiaparelli<\/strong> et <strong>Simone Rocha<\/strong>.<\/span><\/p>\t\t\t\t\t\t<\/div>\n\t\t\t\t<\/div>\n\t\t\t\t<div class=\"elementor-element elementor-element-9356dd6 elementor-widget elementor-widget-image\" data-id=\"9356dd6\" data-element_type=\"widget\" data-widget_type=\"image.default\">\n\t\t\t\t<div class=\"elementor-widget-container\">\n\t\t\t\t\t\t\t\t\t\t\t\t\t<img decoding=\"async\" width=\"300\" height=\"151\" src=\"https:\/\/makingblog.audencia.com\/hcg\/wp-content\/uploads\/2024\/02\/Valentino-logo-e1708673650367-300x151.png\" class=\"attachment-medium size-medium wp-image-115\" alt=\"\" srcset=\"https:\/\/makingblog.audencia.com\/hcg\/wp-content\/uploads\/2024\/02\/Valentino-logo-e1708673650367-300x151.png 300w, https:\/\/makingblog.audencia.com\/hcg\/wp-content\/uploads\/2024\/02\/Valentino-logo-e1708673650367-1024x516.png 1024w, https:\/\/makingblog.audencia.com\/hcg\/wp-content\/uploads\/2024\/02\/Valentino-logo-e1708673650367-2000x1007.png 2000w, https:\/\/makingblog.audencia.com\/hcg\/wp-content\/uploads\/2024\/02\/Valentino-logo-e1708673650367-1536x773.png 1536w, https:\/\/makingblog.audencia.com\/hcg\/wp-content\/uploads\/2024\/02\/Valentino-logo-e1708673650367-2048x1031.png 2048w, https:\/\/makingblog.audencia.com\/hcg\/wp-content\/uploads\/2024\/02\/Valentino-logo-e1708673650367-768x387.png 768w\" sizes=\"100vw\" \/>\t\t\t\t\t\t\t\t\t\t\t\t\t<\/div>\n\t\t\t\t<\/div>\n\t\t\t\t<div class=\"elementor-element elementor-element-f720b55 elementor-widget elementor-widget-image\" data-id=\"f720b55\" data-element_type=\"widget\" data-widget_type=\"image.default\">\n\t\t\t\t<div class=\"elementor-widget-container\">\n\t\t\t\t\t\t\t\t\t\t\t\t\t<img loading=\"lazy\" decoding=\"async\" width=\"300\" height=\"168\" src=\"https:\/\/makingblog.audencia.com\/hcg\/wp-content\/uploads\/2024\/03\/Schiapa-300x168.jpeg\" class=\"attachment-medium size-medium wp-image-430\" alt=\"\" srcset=\"https:\/\/makingblog.audencia.com\/hcg\/wp-content\/uploads\/2024\/03\/Schiapa-300x168.jpeg 300w, https:\/\/makingblog.audencia.com\/hcg\/wp-content\/uploads\/2024\/03\/Schiapa.jpeg 474w\" sizes=\"100vw\" \/>\t\t\t\t\t\t\t\t\t\t\t\t\t<\/div>\n\t\t\t\t<\/div>\n\t\t\t\t<div class=\"elementor-element elementor-element-19e1729 elementor-widget-divider--view-line elementor-widget elementor-widget-divider\" data-id=\"19e1729\" data-element_type=\"widget\" data-widget_type=\"divider.default\">\n\t\t\t\t<div class=\"elementor-widget-container\">\n\t\t\t\t\t<div class=\"elementor-divider\">\n\t\t\t<span class=\"elementor-divider-separator\">\n\t\t\t\t\t\t<\/span>\n\t\t<\/div>\n\t\t\t\t<\/div>\n\t\t\t\t<\/div>\n\t\t\t\t<\/div>\n\t\t<div class=\"elementor-element elementor-element-9244b2c e-con-full e-flex e-con e-child\" data-id=\"9244b2c\" data-element_type=\"container\" data-settings=\"{&quot;content_width&quot;:&quot;full&quot;}\">\n\t\t\t\t<div class=\"elementor-element elementor-element-f172fbb elementor-widget-divider--view-line elementor-widget elementor-widget-divider\" data-id=\"f172fbb\" data-element_type=\"widget\" data-widget_type=\"divider.default\">\n\t\t\t\t<div class=\"elementor-widget-container\">\n\t\t\t\t\t<div class=\"elementor-divider\">\n\t\t\t<span class=\"elementor-divider-separator\">\n\t\t\t\t\t\t<\/span>\n\t\t<\/div>\n\t\t\t\t<\/div>\n\t\t\t\t<\/div>\n\t\t\t\t<div class=\"elementor-element elementor-element-4a30a33 elementor-widget elementor-widget-image\" data-id=\"4a30a33\" data-element_type=\"widget\" data-widget_type=\"image.default\">\n\t\t\t\t<div class=\"elementor-widget-container\">\n\t\t\t\t\t\t\t\t\t\t\t\t\t<img loading=\"lazy\" decoding=\"async\" width=\"950\" height=\"1013\" src=\"https:\/\/makingblog.audencia.com\/hcg\/wp-content\/uploads\/2024\/02\/Photo-blog-e1710170328183-960x1024.png\" class=\"attachment-large size-large wp-image-222\" alt=\"\" srcset=\"https:\/\/makingblog.audencia.com\/hcg\/wp-content\/uploads\/2024\/02\/Photo-blog-e1710170328183-960x1024.png 960w, https:\/\/makingblog.audencia.com\/hcg\/wp-content\/uploads\/2024\/02\/Photo-blog-e1710170328183-281x300.png 281w, https:\/\/makingblog.audencia.com\/hcg\/wp-content\/uploads\/2024\/02\/Photo-blog-e1710170328183-2000x2133.png 2000w, https:\/\/makingblog.audencia.com\/hcg\/wp-content\/uploads\/2024\/02\/Photo-blog-e1710170328183-1440x1536.png 1440w, https:\/\/makingblog.audencia.com\/hcg\/wp-content\/uploads\/2024\/02\/Photo-blog-e1710170328183-1920x2048.png 1920w, https:\/\/makingblog.audencia.com\/hcg\/wp-content\/uploads\/2024\/02\/Photo-blog-e1710170328183-768x819.png 768w\" sizes=\"100vw\" \/>\t\t\t\t\t\t\t\t\t\t\t\t\t<\/div>\n\t\t\t\t<\/div>\n\t\t\t\t<\/div>\n\t\t\t\t\t<\/div>\n\t\t\t\t<\/div>\n\t\t<div class=\"elementor-element elementor-element-d6b45bf e-flex e-con-boxed e-con e-parent\" data-id=\"d6b45bf\" data-element_type=\"container\" data-settings=\"{&quot;content_width&quot;:&quot;boxed&quot;}\" data-core-v316-plus=\"true\">\n\t\t\t\t\t<div class=\"e-con-inner\">\n\t\t\t\t<div class=\"elementor-element elementor-element-54a43ea elementor-widget elementor-widget-google_maps\" data-id=\"54a43ea\" data-element_type=\"widget\" data-widget_type=\"google_maps.default\">\n\t\t\t\t<div class=\"elementor-widget-container\">\n\t\t\t<style>\/*! elementor - v3.19.0 - 07-02-2024 *\/\n.elementor-widget-google_maps .elementor-widget-container{overflow:hidden}.elementor-widget-google_maps .elementor-custom-embed{line-height:0}.elementor-widget-google_maps iframe{height:300px}<\/style>\t\t<div class=\"elementor-custom-embed\">\n\t\t\t<iframe loading=\"lazy\"\n\t\t\t\t\tsrc=\"https:\/\/maps.google.com\/maps?q=41%20Bd%20de%20la%20Prairie%20au%20Duc%2C%2044200%20Nantes&#038;t=m&#038;z=14&#038;output=embed&#038;iwloc=near\"\n\t\t\t\t\ttitle=\"41 Bd de la Prairie au Duc, 44200 Nantes\"\n\t\t\t\t\taria-label=\"41 Bd de la Prairie au Duc, 44200 Nantes\"\n\t\t\t><\/iframe>\n\t\t<\/div>\n\t\t\t\t<\/div>\n\t\t\t\t<\/div>\n\t\t\t\t\t<\/div>\n\t\t\t\t<\/div>\n\t\t<div class=\"elementor-element elementor-element-db5b5db e-flex e-con-boxed e-con e-parent\" data-id=\"db5b5db\" data-element_type=\"container\" data-settings=\"{&quot;content_width&quot;:&quot;boxed&quot;}\" data-core-v316-plus=\"true\">\n\t\t\t\t\t<div class=\"e-con-inner\">\n\t\t\t\t<div class=\"elementor-element elementor-element-703893d elementor-widget elementor-widget-spacer\" data-id=\"703893d\" data-element_type=\"widget\" data-widget_type=\"spacer.default\">\n\t\t\t\t<div class=\"elementor-widget-container\">\n\t\t\t\t\t<div class=\"elementor-spacer\">\n\t\t\t<div class=\"elementor-spacer-inner\"><\/div>\n\t\t<\/div>\n\t\t\t\t<\/div>\n\t\t\t\t<\/div>\n\t\t\t\t\t<\/div>\n\t\t\t\t<\/div>\n\t\t\t\t<\/div>\n\t\t","protected":false},"excerpt":{"rendered":"<p>Bienvenue sur\u00a0Haute Couture Gallery,\u00a0le blog qui vous dit tout sur le monde du luxe et de la mode. Lola et Louise, les r\u00e9dactrices, vous serviront de guide pour vous livrer les derni\u00e8res tendances et vous initier aux arcanes (de la haute couture) des grandes maisons.\u00a0 Bonne lecture \ud83d\ude09 Elle adore la beaut\u00e9 des objets et &hellip; <\/p>\n<p class=\"link-more\"><a href=\"https:\/\/makingblog.audencia.com\/hcg\/a-propos-de\/\" class=\"more-link\">Lire la suite de<span class=\"screen-reader-text\">\u00ab\u00a0\u00c0 propos\u00a0\u00bb<\/span><\/a><\/p>\n","protected":false},"author":2,"featured_media":116,"parent":0,"menu_order":0,"comment_status":"closed","ping_status":"closed","template":"","meta":{"footnotes":""},"class_list":["post-30","page","type-page","status-publish","has-post-thumbnail","hentry"],"_links":{"self":[{"href":"https:\/\/makingblog.audencia.com\/hcg\/wp-json\/wp\/v2\/pages\/30","targetHints":{"allow":["GET"]}}],"collection":[{"href":"https:\/\/makingblog.audencia.com\/hcg\/wp-json\/wp\/v2\/pages"}],"about":[{"href":"https:\/\/makingblog.audencia.com\/hcg\/wp-json\/wp\/v2\/types\/page"}],"author":[{"embeddable":true,"href":"https:\/\/makingblog.audencia.com\/hcg\/wp-json\/wp\/v2\/users\/2"}],"replies":[{"embeddable":true,"href":"https:\/\/makingblog.audencia.com\/hcg\/wp-json\/wp\/v2\/comments?post=30"}],"version-history":[{"count":40,"href":"https:\/\/makingblog.audencia.com\/hcg\/wp-json\/wp\/v2\/pages\/30\/revisions"}],"predecessor-version":[{"id":754,"href":"https:\/\/makingblog.audencia.com\/hcg\/wp-json\/wp\/v2\/pages\/30\/revisions\/754"}],"wp:featuredmedia":[{"embeddable":true,"href":"https:\/\/makingblog.audencia.com\/hcg\/wp-json\/wp\/v2\/media\/116"}],"wp:attachment":[{"href":"https:\/\/makingblog.audencia.com\/hcg\/wp-json\/wp\/v2\/media?parent=30"}],"curies":[{"name":"wp","href":"https:\/\/api.w.org\/{rel}","templated":true}]}}