{"id":144,"date":"2024-03-16T21:40:33","date_gmt":"2024-03-16T20:40:33","guid":{"rendered":"https:\/\/makingblog.audencia.com\/faceb\/?page_id=144"},"modified":"2024-03-21T06:29:14","modified_gmt":"2024-03-21T05:29:14","slug":"lequipe-face-b","status":"publish","type":"page","link":"https:\/\/makingblog.audencia.com\/faceb\/lequipe-face-b\/","title":{"rendered":"L&rsquo;\u00e9quipe Face B"},"content":{"rendered":"\t\t<div data-elementor-type=\"wp-page\" data-elementor-id=\"144\" class=\"elementor elementor-144\">\n\t\t\t\t<div class=\"elementor-element elementor-element-77360ea e-flex e-con-boxed e-con e-parent\" data-id=\"77360ea\" data-element_type=\"container\" data-core-v316-plus=\"true\">\n\t\t\t\t\t<div class=\"e-con-inner\">\n\t\t\t\t<div class=\"elementor-element elementor-element-ea7cc50 elementor-widget elementor-widget-heading\" data-id=\"ea7cc50\" data-element_type=\"widget\" data-widget_type=\"heading.default\">\n\t\t\t\t<div class=\"elementor-widget-container\">\n\t\t\t<style>\/*! elementor - v3.20.0 - 13-03-2024 *\/\n.elementor-heading-title{padding:0;margin:0;line-height:1}.elementor-widget-heading .elementor-heading-title[class*=elementor-size-]>a{color:inherit;font-size:inherit;line-height:inherit}.elementor-widget-heading .elementor-heading-title.elementor-size-small{font-size:15px}.elementor-widget-heading .elementor-heading-title.elementor-size-medium{font-size:19px}.elementor-widget-heading .elementor-heading-title.elementor-size-large{font-size:29px}.elementor-widget-heading .elementor-heading-title.elementor-size-xl{font-size:39px}.elementor-widget-heading .elementor-heading-title.elementor-size-xxl{font-size:59px}<\/style><h2 class=\"elementor-heading-title elementor-size-default\">Face B, c'est quoi ?<\/h2>\t\t<\/div>\n\t\t\t\t<\/div>\n\t\t\t\t<div class=\"elementor-element elementor-element-f6f80ca elementor-widget elementor-widget-text-editor\" data-id=\"f6f80ca\" data-element_type=\"widget\" data-widget_type=\"text-editor.default\">\n\t\t\t\t<div class=\"elementor-widget-container\">\n\t\t\t<style>\/*! elementor - v3.20.0 - 13-03-2024 *\/\n.elementor-widget-text-editor.elementor-drop-cap-view-stacked .elementor-drop-cap{background-color:#69727d;color:#fff}.elementor-widget-text-editor.elementor-drop-cap-view-framed .elementor-drop-cap{color:#69727d;border:3px solid;background-color:transparent}.elementor-widget-text-editor:not(.elementor-drop-cap-view-default) .elementor-drop-cap{margin-top:8px}.elementor-widget-text-editor:not(.elementor-drop-cap-view-default) .elementor-drop-cap-letter{width:1em;height:1em}.elementor-widget-text-editor .elementor-drop-cap{float:left;text-align:center;line-height:1;font-size:50px}.elementor-widget-text-editor .elementor-drop-cap-letter{display:inline-block}<\/style>\t\t\t\t<p>Blog au but \u00e9ducatif et au contenu divertissant, Face B raconte les coulisses du rap fran\u00e7ais, en se concentrant sur le vaste monde ce que l&rsquo;on appelle \u00ab\u00a0l&rsquo;industrie\u00a0\u00bb. Souvent inconnues pour beaucoup. Que tu sois un \u00e9rudit ou compl\u00e8tement ext\u00e9rieur au monde du hip-hop, nos contenus sont pour tous et vise l&rsquo;accessibilit\u00e9 avant tout !<\/p>\t\t\t\t\t\t<\/div>\n\t\t\t\t<\/div>\n\t\t\t\t\t<\/div>\n\t\t\t\t<\/div>\n\t\t<div class=\"elementor-element elementor-element-afbe3d6 e-flex e-con-boxed e-con e-parent\" data-id=\"afbe3d6\" data-element_type=\"container\" data-core-v316-plus=\"true\">\n\t\t\t\t\t<div class=\"e-con-inner\">\n\t\t\t\t<div class=\"elementor-element elementor-element-b4f421e elementor-widget elementor-widget-heading\" data-id=\"b4f421e\" data-element_type=\"widget\" data-widget_type=\"heading.default\">\n\t\t\t\t<div class=\"elementor-widget-container\">\n\t\t\t<h2 class=\"elementor-heading-title elementor-size-default\">Face B, c'est qui ?<\/h2>\t\t<\/div>\n\t\t\t\t<\/div>\n\t\t\t\t\t<\/div>\n\t\t\t\t<\/div>\n\t\t<div class=\"elementor-element elementor-element-e23a706 e-flex e-con-boxed e-con e-parent\" data-id=\"e23a706\" data-element_type=\"container\" data-core-v316-plus=\"true\">\n\t\t\t\t\t<div class=\"e-con-inner\">\n\t\t<div class=\"elementor-element elementor-element-aa2713c e-con-full e-flex e-con e-child\" data-id=\"aa2713c\" data-element_type=\"container\">\n\t\t\t\t<div class=\"elementor-element elementor-element-19675bf elementor-widget elementor-widget-image\" data-id=\"19675bf\" data-element_type=\"widget\" data-widget_type=\"image.default\">\n\t\t\t\t<div class=\"elementor-widget-container\">\n\t\t\t<style>\/*! elementor - v3.20.0 - 13-03-2024 *\/\n.elementor-widget-image{text-align:center}.elementor-widget-image a{display:inline-block}.elementor-widget-image a img[src$=\".svg\"]{width:48px}.elementor-widget-image img{vertical-align:middle;display:inline-block}<\/style>\t\t\t\t\t\t\t\t\t\t<img fetchpriority=\"high\" decoding=\"async\" width=\"800\" height=\"800\" src=\"https:\/\/makingblog.audencia.com\/faceb\/wp-content\/uploads\/2024\/02\/lucas-richard-photo.jpeg\" class=\"attachment-large size-large wp-image-73\" alt=\"\" srcset=\"https:\/\/makingblog.audencia.com\/faceb\/wp-content\/uploads\/2024\/02\/lucas-richard-photo.jpeg 800w, https:\/\/makingblog.audencia.com\/faceb\/wp-content\/uploads\/2024\/02\/lucas-richard-photo-300x300.jpeg 300w, https:\/\/makingblog.audencia.com\/faceb\/wp-content\/uploads\/2024\/02\/lucas-richard-photo-150x150.jpeg 150w, https:\/\/makingblog.audencia.com\/faceb\/wp-content\/uploads\/2024\/02\/lucas-richard-photo-768x768.jpeg 768w\" sizes=\"(max-width: 800px) 100vw, 800px\" \/>\t\t\t\t\t\t\t\t\t\t\t\t\t<\/div>\n\t\t\t\t<\/div>\n\t\t\t\t<\/div>\n\t\t<div class=\"elementor-element elementor-element-663de25 e-con-full e-flex e-con e-child\" data-id=\"663de25\" data-element_type=\"container\">\n\t\t\t\t<div class=\"elementor-element elementor-element-9ab0ef8 elementor-widget elementor-widget-heading\" data-id=\"9ab0ef8\" data-element_type=\"widget\" data-widget_type=\"heading.default\">\n\t\t\t\t<div class=\"elementor-widget-container\">\n\t\t\t<h2 class=\"elementor-heading-title elementor-size-default\">Lucas<\/h2>\t\t<\/div>\n\t\t\t\t<\/div>\n\t\t\t\t<div class=\"elementor-element elementor-element-cc4a495 elementor-widget elementor-widget-text-editor\" data-id=\"cc4a495\" data-element_type=\"widget\" data-widget_type=\"text-editor.default\">\n\t\t\t\t<div class=\"elementor-widget-container\">\n\t\t\t\t\t\t\t<p><span style=\"font-weight: 400;\">Passionn\u00e9 de rap depuis de nombreuses ann\u00e9es et int\u00e9ress\u00e9 par le milieu de l\u2019industrie musicale, je me sers de ce blog comme une opportunit\u00e9 d\u2019en apprendre plus tout en partageant mes connaissances.<\/span><\/p>\t\t\t\t\t\t<\/div>\n\t\t\t\t<\/div>\n\t\t\t\t<\/div>\n\t\t\t\t\t<\/div>\n\t\t\t\t<\/div>\n\t\t<div class=\"elementor-element elementor-element-55996d3 e-flex e-con-boxed e-con e-parent\" data-id=\"55996d3\" data-element_type=\"container\" data-core-v316-plus=\"true\">\n\t\t\t\t\t<div class=\"e-con-inner\">\n\t\t<div class=\"elementor-element elementor-element-0a504e7 e-con-full e-flex e-con e-child\" data-id=\"0a504e7\" data-element_type=\"container\">\n\t\t\t\t<div class=\"elementor-element elementor-element-fe6ba0e elementor-widget elementor-widget-image\" data-id=\"fe6ba0e\" data-element_type=\"widget\" data-widget_type=\"image.default\">\n\t\t\t\t<div class=\"elementor-widget-container\">\n\t\t\t\t\t\t\t\t\t\t\t\t\t<img decoding=\"async\" width=\"925\" height=\"617\" src=\"https:\/\/makingblog.audencia.com\/faceb\/wp-content\/uploads\/2024\/03\/IMG_9608-1-1024x683.jpeg\" class=\"attachment-large size-large wp-image-834\" alt=\"\" srcset=\"https:\/\/makingblog.audencia.com\/faceb\/wp-content\/uploads\/2024\/03\/IMG_9608-1-1024x683.jpeg 1024w, https:\/\/makingblog.audencia.com\/faceb\/wp-content\/uploads\/2024\/03\/IMG_9608-1-300x200.jpeg 300w, https:\/\/makingblog.audencia.com\/faceb\/wp-content\/uploads\/2024\/03\/IMG_9608-1-768x512.jpeg 768w, https:\/\/makingblog.audencia.com\/faceb\/wp-content\/uploads\/2024\/03\/IMG_9608-1-1536x1024.jpeg 1536w, https:\/\/makingblog.audencia.com\/faceb\/wp-content\/uploads\/2024\/03\/IMG_9608-1-2048x1365.jpeg 2048w, https:\/\/makingblog.audencia.com\/faceb\/wp-content\/uploads\/2024\/03\/IMG_9608-1-90x60.jpeg 90w\" sizes=\"(max-width: 925px) 100vw, 925px\" \/>\t\t\t\t\t\t\t\t\t\t\t\t\t<\/div>\n\t\t\t\t<\/div>\n\t\t\t\t<\/div>\n\t\t<div class=\"elementor-element elementor-element-01610eb e-con-full e-flex e-con e-child\" data-id=\"01610eb\" data-element_type=\"container\">\n\t\t\t\t<div class=\"elementor-element elementor-element-d6f5dd4 elementor-widget elementor-widget-heading\" data-id=\"d6f5dd4\" data-element_type=\"widget\" data-widget_type=\"heading.default\">\n\t\t\t\t<div class=\"elementor-widget-container\">\n\t\t\t<h2 class=\"elementor-heading-title elementor-size-default\">Jean<\/h2>\t\t<\/div>\n\t\t\t\t<\/div>\n\t\t\t\t<div class=\"elementor-element elementor-element-728ea8b elementor-widget elementor-widget-text-editor\" data-id=\"728ea8b\" data-element_type=\"widget\" data-widget_type=\"text-editor.default\">\n\t\t\t\t<div class=\"elementor-widget-container\">\n\t\t\t\t\t\t\t<p>J&rsquo;\u00e9coute du rap depuis tout petit et cette fois je veux aller plus loin. L&rsquo;aventure du<span style=\"font-family: var( --e-global-typography-text-font-family ), Sans-serif; text-align: var(--text-align);\">&nbsp;blog me permettra d&rsquo;en parler avec vous!<\/span><\/p>\t\t\t\t\t\t<\/div>\n\t\t\t\t<\/div>\n\t\t\t\t<\/div>\n\t\t\t\t\t<\/div>\n\t\t\t\t<\/div>\n\t\t\t\t<\/div>\n\t\t","protected":false},"excerpt":{"rendered":"<p>Face B, c&rsquo;est quoi ? Blog au but \u00e9ducatif et au contenu divertissant, Face B raconte les coulisses du rap fran\u00e7ais, en se concentrant sur le vaste monde ce que l&rsquo;on appelle \u00ab\u00a0l&rsquo;industrie\u00a0\u00bb. Souvent inconnues pour beaucoup. Que tu sois un \u00e9rudit ou compl\u00e8tement ext\u00e9rieur au monde du hip-hop, nos contenus sont pour tous et &hellip; <\/p>\n","protected":false},"author":2,"featured_media":0,"parent":0,"menu_order":0,"comment_status":"closed","ping_status":"closed","template":"","meta":{"footnotes":""},"class_list":["post-144","page","type-page","status-publish","hentry"],"_links":{"self":[{"href":"https:\/\/makingblog.audencia.com\/faceb\/wp-json\/wp\/v2\/pages\/144","targetHints":{"allow":["GET"]}}],"collection":[{"href":"https:\/\/makingblog.audencia.com\/faceb\/wp-json\/wp\/v2\/pages"}],"about":[{"href":"https:\/\/makingblog.audencia.com\/faceb\/wp-json\/wp\/v2\/types\/page"}],"author":[{"embeddable":true,"href":"https:\/\/makingblog.audencia.com\/faceb\/wp-json\/wp\/v2\/users\/2"}],"replies":[{"embeddable":true,"href":"https:\/\/makingblog.audencia.com\/faceb\/wp-json\/wp\/v2\/comments?post=144"}],"version-history":[{"count":76,"href":"https:\/\/makingblog.audencia.com\/faceb\/wp-json\/wp\/v2\/pages\/144\/revisions"}],"predecessor-version":[{"id":915,"href":"https:\/\/makingblog.audencia.com\/faceb\/wp-json\/wp\/v2\/pages\/144\/revisions\/915"}],"wp:attachment":[{"href":"https:\/\/makingblog.audencia.com\/faceb\/wp-json\/wp\/v2\/media?parent=144"}],"curies":[{"name":"wp","href":"https:\/\/api.w.org\/{rel}","templated":true}]}}