{"id":257,"date":"2024-02-23T09:42:21","date_gmt":"2024-02-23T08:42:21","guid":{"rendered":"https:\/\/makingblog.audencia.com\/upsidetown\/?page_id=257"},"modified":"2024-03-19T22:42:22","modified_gmt":"2024-03-19T21:42:22","slug":"home-page","status":"publish","type":"page","link":"http:\/\/makingblog.audencia.com\/upsidetown\/","title":{"rendered":"home page"},"content":{"rendered":"\t\t<div data-elementor-type=\"wp-page\" data-elementor-id=\"257\" class=\"elementor elementor-257\">\n\t\t\t\t<div class=\"elementor-element elementor-element-844062b e-flex e-con-boxed e-con e-parent\" data-id=\"844062b\" data-element_type=\"container\" data-settings=\"{&quot;content_width&quot;:&quot;boxed&quot;}\" data-core-v316-plus=\"true\">\n\t\t\t\t\t<div class=\"e-con-inner\">\n\t\t\t\t<div class=\"elementor-element elementor-element-91e0e4b elementor-widget elementor-widget-heading\" data-id=\"91e0e4b\" data-element_type=\"widget\" data-widget_type=\"heading.default\">\n\t\t\t\t<div class=\"elementor-widget-container\">\n\t\t\t<style>\/*! elementor - v3.19.0 - 07-02-2024 *\/\n.elementor-heading-title{padding:0;margin:0;line-height:1}.elementor-widget-heading .elementor-heading-title[class*=elementor-size-]>a{color:inherit;font-size:inherit;line-height:inherit}.elementor-widget-heading .elementor-heading-title.elementor-size-small{font-size:15px}.elementor-widget-heading .elementor-heading-title.elementor-size-medium{font-size:19px}.elementor-widget-heading .elementor-heading-title.elementor-size-large{font-size:29px}.elementor-widget-heading .elementor-heading-title.elementor-size-xl{font-size:39px}.elementor-widget-heading .elementor-heading-title.elementor-size-xxl{font-size:59px}<\/style><h2 class=\"elementor-heading-title elementor-size-default\">Les articles les plus intrigants !<\/h2>\t\t<\/div>\n\t\t\t\t<\/div>\n\t\t\t\t\t<\/div>\n\t\t\t\t<\/div>\n\t\t<div class=\"elementor-element elementor-element-040794e e-flex e-con-boxed e-con e-parent\" data-id=\"040794e\" data-element_type=\"container\" data-settings=\"{&quot;content_width&quot;:&quot;boxed&quot;}\" data-core-v316-plus=\"true\">\n\t\t\t\t\t<div class=\"e-con-inner\">\n\t\t<div class=\"elementor-element elementor-element-3a13886 e-con-full e-flex e-con e-child\" data-id=\"3a13886\" data-element_type=\"container\" data-settings=\"{&quot;content_width&quot;:&quot;full&quot;}\">\n\t\t\t\t<div class=\"elementor-element elementor-element-9dabece elementor-widget elementor-widget-image\" data-id=\"9dabece\" data-element_type=\"widget\" data-widget_type=\"image.default\">\n\t\t\t\t<div class=\"elementor-widget-container\">\n\t\t\t<style>\/*! elementor - v3.19.0 - 07-02-2024 *\/\n.elementor-widget-image{text-align:center}.elementor-widget-image a{display:inline-block}.elementor-widget-image a img[src$=\".svg\"]{width:48px}.elementor-widget-image img{vertical-align:middle;display:inline-block}<\/style>\t\t\t\t\t\t\t\t\t\t<img fetchpriority=\"high\" decoding=\"async\" width=\"950\" height=\"475\" src=\"http:\/\/makingblog.audencia.com\/upsidetown\/wp-content\/uploads\/2024\/03\/Nantes-la-maison-de-Xavier-Dupont-de-Ligonnes-est-vendue-1024x512.jpg\" class=\"attachment-large size-large wp-image-352\" alt=\"\" srcset=\"http:\/\/makingblog.audencia.com\/upsidetown\/wp-content\/uploads\/2024\/03\/Nantes-la-maison-de-Xavier-Dupont-de-Ligonnes-est-vendue-1024x512.jpg 1024w, http:\/\/makingblog.audencia.com\/upsidetown\/wp-content\/uploads\/2024\/03\/Nantes-la-maison-de-Xavier-Dupont-de-Ligonnes-est-vendue-300x150.jpg 300w, http:\/\/makingblog.audencia.com\/upsidetown\/wp-content\/uploads\/2024\/03\/Nantes-la-maison-de-Xavier-Dupont-de-Ligonnes-est-vendue.jpg 1280w\" sizes=\"100vw\" \/>\t\t\t\t\t\t\t\t\t\t\t\t\t<\/div>\n\t\t\t\t<\/div>\n\t\t\t\t<div class=\"elementor-element elementor-element-4aa82fd elementor-widget elementor-widget-text-editor\" data-id=\"4aa82fd\" data-element_type=\"widget\" data-widget_type=\"text-editor.default\">\n\t\t\t\t<div class=\"elementor-widget-container\">\n\t\t\t<style>\/*! elementor - v3.19.0 - 07-02-2024 *\/\n.elementor-widget-text-editor.elementor-drop-cap-view-stacked .elementor-drop-cap{background-color:#69727d;color:#fff}.elementor-widget-text-editor.elementor-drop-cap-view-framed .elementor-drop-cap{color:#69727d;border:3px solid;background-color:transparent}.elementor-widget-text-editor:not(.elementor-drop-cap-view-default) .elementor-drop-cap{margin-top:8px}.elementor-widget-text-editor:not(.elementor-drop-cap-view-default) .elementor-drop-cap-letter{width:1em;height:1em}.elementor-widget-text-editor .elementor-drop-cap{float:left;text-align:center;line-height:1;font-size:50px}.elementor-widget-text-editor .elementor-drop-cap-letter{display:inline-block}<\/style>\t\t\t\t<p>Le myst\u00e8re sanglant de Xavier Dupont de Ligon\u00e8s : la maison de l&rsquo;horreur&#8230;<\/p>\t\t\t\t\t\t<\/div>\n\t\t\t\t<\/div>\n\t\t\t\t<div class=\"elementor-element elementor-element-dab7c65 elementor-align-center elementor-button-info elementor-widget elementor-widget-button\" data-id=\"dab7c65\" data-element_type=\"widget\" data-widget_type=\"button.default\">\n\t\t\t\t<div class=\"elementor-widget-container\">\n\t\t\t\t\t<div class=\"elementor-button-wrapper\">\n\t\t\t<a class=\"elementor-button elementor-button-link elementor-size-sm\" href=\"https:\/\/makingblog.audencia.com\/upsidetown\/2024\/03\/18\/le-mystere-sanglant-de-xavier-dupont-de-ligonnes-la-maison-de-lhorreur\/\">\n\t\t\t\t\t\t<span class=\"elementor-button-content-wrapper\">\n\t\t\t\t\t\t<span class=\"elementor-button-text\">Xavier Dupont de Ligonn\u00e8s<\/span>\n\t\t<\/span>\n\t\t\t\t\t<\/a>\n\t\t<\/div>\n\t\t\t\t<\/div>\n\t\t\t\t<\/div>\n\t\t\t\t<\/div>\n\t\t<div class=\"elementor-element elementor-element-c44f1f7 e-con-full e-flex e-con e-child\" data-id=\"c44f1f7\" data-element_type=\"container\" data-settings=\"{&quot;content_width&quot;:&quot;full&quot;}\">\n\t\t\t\t<div class=\"elementor-element elementor-element-ced5bf1 elementor-widget elementor-widget-image\" data-id=\"ced5bf1\" data-element_type=\"widget\" data-widget_type=\"image.default\">\n\t\t\t\t<div class=\"elementor-widget-container\">\n\t\t\t\t\t\t\t\t\t\t\t\t\t<img decoding=\"async\" width=\"950\" height=\"635\" src=\"http:\/\/makingblog.audencia.com\/upsidetown\/wp-content\/uploads\/2024\/03\/val-sans-retour-avec-ajonc-d_or-1024x684.jpg\" class=\"attachment-large size-large wp-image-332\" alt=\"\" srcset=\"http:\/\/makingblog.audencia.com\/upsidetown\/wp-content\/uploads\/2024\/03\/val-sans-retour-avec-ajonc-d_or-1024x684.jpg 1024w, http:\/\/makingblog.audencia.com\/upsidetown\/wp-content\/uploads\/2024\/03\/val-sans-retour-avec-ajonc-d_or-300x200.jpg 300w, http:\/\/makingblog.audencia.com\/upsidetown\/wp-content\/uploads\/2024\/03\/val-sans-retour-avec-ajonc-d_or.jpg 1200w\" sizes=\"100vw\" \/>\t\t\t\t\t\t\t\t\t\t\t\t\t<\/div>\n\t\t\t\t<\/div>\n\t\t\t\t<div class=\"elementor-element elementor-element-5af55c4 elementor-widget elementor-widget-text-editor\" data-id=\"5af55c4\" data-element_type=\"widget\" data-widget_type=\"text-editor.default\">\n\t\t\t\t<div class=\"elementor-widget-container\">\n\t\t\t\t\t\t\t<p>F\u00e9e Morgane : Femme amoureuse mais malheureuse&#8230;<\/p>\t\t\t\t\t\t<\/div>\n\t\t\t\t<\/div>\n\t\t\t\t<div class=\"elementor-element elementor-element-bb8b0db elementor-align-center elementor-widget elementor-widget-button\" data-id=\"bb8b0db\" data-element_type=\"widget\" data-widget_type=\"button.default\">\n\t\t\t\t<div class=\"elementor-widget-container\">\n\t\t\t\t\t<div class=\"elementor-button-wrapper\">\n\t\t\t<a class=\"elementor-button elementor-button-link elementor-size-sm\" href=\"https:\/\/makingblog.audencia.com\/upsidetown\/2024\/03\/18\/fee-morgane-femme-amoureuse-mais-malheureuse\/\">\n\t\t\t\t\t\t<span class=\"elementor-button-content-wrapper\">\n\t\t\t\t\t\t<span class=\"elementor-button-text\">F\u00e9e Morgane<\/span>\n\t\t<\/span>\n\t\t\t\t\t<\/a>\n\t\t<\/div>\n\t\t\t\t<\/div>\n\t\t\t\t<\/div>\n\t\t\t\t<\/div>\n\t\t<div class=\"elementor-element elementor-element-21e35d7 e-con-full e-flex e-con e-child\" data-id=\"21e35d7\" data-element_type=\"container\" data-settings=\"{&quot;content_width&quot;:&quot;full&quot;}\">\n\t\t\t\t<div class=\"elementor-element elementor-element-350a848 elementor-widget elementor-widget-image\" data-id=\"350a848\" data-element_type=\"widget\" data-widget_type=\"image.default\">\n\t\t\t\t<div class=\"elementor-widget-container\">\n\t\t\t\t\t\t\t\t\t\t\t\t\t<img decoding=\"async\" width=\"950\" height=\"633\" src=\"http:\/\/makingblog.audencia.com\/upsidetown\/wp-content\/uploads\/2024\/03\/1-15-1024x682.jpg\" class=\"attachment-large size-large wp-image-365\" alt=\"\" srcset=\"http:\/\/makingblog.audencia.com\/upsidetown\/wp-content\/uploads\/2024\/03\/1-15-1024x682.jpg 1024w, http:\/\/makingblog.audencia.com\/upsidetown\/wp-content\/uploads\/2024\/03\/1-15-300x200.jpg 300w, http:\/\/makingblog.audencia.com\/upsidetown\/wp-content\/uploads\/2024\/03\/1-15.jpg 1250w\" sizes=\"100vw\" \/>\t\t\t\t\t\t\t\t\t\t\t\t\t<\/div>\n\t\t\t\t<\/div>\n\t\t\t\t<div class=\"elementor-element elementor-element-f70e490 elementor-widget elementor-widget-text-editor\" data-id=\"f70e490\" data-element_type=\"widget\" data-widget_type=\"text-editor.default\">\n\t\t\t\t<div class=\"elementor-widget-container\">\n\t\t\t\t\t\t\t<p>Fant\u00f4me du Morbihan : entre myst\u00e8res et histoires hant\u00e9es..<\/p>\t\t\t\t\t\t<\/div>\n\t\t\t\t<\/div>\n\t\t\t\t<div class=\"elementor-element elementor-element-ad91ccf elementor-align-center elementor-widget elementor-widget-button\" data-id=\"ad91ccf\" data-element_type=\"widget\" data-widget_type=\"button.default\">\n\t\t\t\t<div class=\"elementor-widget-container\">\n\t\t\t\t\t<div class=\"elementor-button-wrapper\">\n\t\t\t<a class=\"elementor-button elementor-button-link elementor-size-sm\" href=\"https:\/\/makingblog.audencia.com\/upsidetown\/2024\/03\/18\/le-fantome-du-morbihan-entre-mysteres-et-histoires-hantees\/\">\n\t\t\t\t\t\t<span class=\"elementor-button-content-wrapper\">\n\t\t\t\t\t\t<span class=\"elementor-button-text\">Le fant\u00f4me du Morbihan<\/span>\n\t\t<\/span>\n\t\t\t\t\t<\/a>\n\t\t<\/div>\n\t\t\t\t<\/div>\n\t\t\t\t<\/div>\n\t\t\t\t<\/div>\n\t\t\t\t\t<\/div>\n\t\t\t\t<\/div>\n\t\t<div class=\"elementor-element elementor-element-ecce289 e-flex e-con-boxed e-con e-parent\" data-id=\"ecce289\" data-element_type=\"container\" data-settings=\"{&quot;content_width&quot;:&quot;boxed&quot;}\" data-core-v316-plus=\"true\">\n\t\t\t\t\t<div class=\"e-con-inner\">\n\t\t\t\t<div class=\"elementor-element elementor-element-efcf850 elementor-widget elementor-widget-video\" data-id=\"efcf850\" data-element_type=\"widget\" data-settings=\"{&quot;youtube_url&quot;:&quot;https:\\\/\\\/www.youtube.com\\\/watch?v=nla71lVEupQ&quot;,&quot;loop&quot;:&quot;yes&quot;,&quot;video_type&quot;:&quot;youtube&quot;,&quot;controls&quot;:&quot;yes&quot;}\" data-widget_type=\"video.default\">\n\t\t\t\t<div class=\"elementor-widget-container\">\n\t\t\t<style>\/*! elementor - v3.19.0 - 07-02-2024 *\/\n.elementor-widget-video .elementor-widget-container{overflow:hidden;transform:translateZ(0)}.elementor-widget-video .elementor-wrapper{aspect-ratio:var(--video-aspect-ratio)}.elementor-widget-video .elementor-wrapper iframe,.elementor-widget-video .elementor-wrapper video{height:100%;width:100%;display:flex;border:none;background-color:#000}@supports not (aspect-ratio:1\/1){.elementor-widget-video .elementor-wrapper{position:relative;overflow:hidden;height:0;padding-bottom:calc(100% \/ var(--video-aspect-ratio))}.elementor-widget-video .elementor-wrapper iframe,.elementor-widget-video .elementor-wrapper video{position:absolute;top:0;right:0;bottom:0;left:0}}.elementor-widget-video .elementor-open-inline .elementor-custom-embed-image-overlay{position:absolute;top:0;right:0;bottom:0;left:0;background-size:cover;background-position:50%}.elementor-widget-video .elementor-custom-embed-image-overlay{cursor:pointer;text-align:center}.elementor-widget-video .elementor-custom-embed-image-overlay:hover .elementor-custom-embed-play i{opacity:1}.elementor-widget-video .elementor-custom-embed-image-overlay img{display:block;width:100%;aspect-ratio:var(--video-aspect-ratio);-o-object-fit:cover;object-fit:cover;-o-object-position:center center;object-position:center center}@supports not (aspect-ratio:1\/1){.elementor-widget-video .elementor-custom-embed-image-overlay{position:relative;overflow:hidden;height:0;padding-bottom:calc(100% \/ var(--video-aspect-ratio))}.elementor-widget-video .elementor-custom-embed-image-overlay img{position:absolute;top:0;right:0;bottom:0;left:0}}.elementor-widget-video .e-hosted-video .elementor-video{-o-object-fit:cover;object-fit:cover}.e-con-inner>.elementor-widget-video,.e-con>.elementor-widget-video{width:var(--container-widget-width);--flex-grow:var(--container-widget-flex-grow)}<\/style>\t\t<div class=\"elementor-wrapper elementor-open-inline\">\n\t\t\t<div class=\"elementor-video\"><\/div>\t\t<\/div>\n\t\t\t\t<\/div>\n\t\t\t\t<\/div>\n\t\t\t\t\t<\/div>\n\t\t\t\t<\/div>\n\t\t\t\t<\/div>\n\t\t","protected":false},"excerpt":{"rendered":"<p>Les articles les plus intrigants ! Le myst\u00e8re sanglant de Xavier Dupont de Ligon\u00e8s : la maison de l&rsquo;horreur&#8230; Xavier Dupont de Ligonn\u00e8s F\u00e9e Morgane : Femme amoureuse mais malheureuse&#8230; F\u00e9e Morgane Fant\u00f4me du Morbihan : entre myst\u00e8res et histoires hant\u00e9es.. Le fant\u00f4me du Morbihan<\/p>\n","protected":false},"author":2,"featured_media":0,"parent":0,"menu_order":0,"comment_status":"open","ping_status":"closed","template":"","meta":{"footnotes":""},"class_list":["post-257","page","type-page","status-publish","hentry"],"_links":{"self":[{"href":"http:\/\/makingblog.audencia.com\/upsidetown\/wp-json\/wp\/v2\/pages\/257","targetHints":{"allow":["GET"]}}],"collection":[{"href":"http:\/\/makingblog.audencia.com\/upsidetown\/wp-json\/wp\/v2\/pages"}],"about":[{"href":"http:\/\/makingblog.audencia.com\/upsidetown\/wp-json\/wp\/v2\/types\/page"}],"author":[{"embeddable":true,"href":"http:\/\/makingblog.audencia.com\/upsidetown\/wp-json\/wp\/v2\/users\/2"}],"replies":[{"embeddable":true,"href":"http:\/\/makingblog.audencia.com\/upsidetown\/wp-json\/wp\/v2\/comments?post=257"}],"version-history":[{"count":34,"href":"http:\/\/makingblog.audencia.com\/upsidetown\/wp-json\/wp\/v2\/pages\/257\/revisions"}],"predecessor-version":[{"id":599,"href":"http:\/\/makingblog.audencia.com\/upsidetown\/wp-json\/wp\/v2\/pages\/257\/revisions\/599"}],"wp:attachment":[{"href":"http:\/\/makingblog.audencia.com\/upsidetown\/wp-json\/wp\/v2\/media?parent=257"}],"curies":[{"name":"wp","href":"https:\/\/api.w.org\/{rel}","templated":true}]}}