{"id":138,"date":"2024-02-15T12:18:11","date_gmt":"2024-02-15T11:18:11","guid":{"rendered":"https:\/\/makingblog.audencia.com\/temps-mort\/?page_id=138"},"modified":"2024-03-20T15:26:05","modified_gmt":"2024-03-20T14:26:05","slug":"a-propos","status":"publish","type":"page","link":"http:\/\/makingblog.audencia.com\/temps-mort\/a-propos\/","title":{"rendered":"\u00c0 Propos"},"content":{"rendered":"\t\t<div data-elementor-type=\"wp-page\" data-elementor-id=\"138\" class=\"elementor elementor-138\">\n\t\t\t\t<div class=\"elementor-element elementor-element-ee7d726 e-flex e-con-boxed e-con e-parent\" data-id=\"ee7d726\" data-element_type=\"container\" data-settings=\"{&quot;content_width&quot;:&quot;boxed&quot;}\" data-core-v316-plus=\"true\">\n\t\t\t\t\t<div class=\"e-con-inner\">\n\t\t\t\t<div class=\"elementor-element elementor-element-64a06db elementor-widget elementor-widget-heading\" data-id=\"64a06db\" data-element_type=\"widget\" data-widget_type=\"heading.default\">\n\t\t\t\t<div class=\"elementor-widget-container\">\n\t\t\t<style>\/*! elementor - v3.19.0 - 07-02-2024 *\/\n.elementor-heading-title{padding:0;margin:0;line-height:1}.elementor-widget-heading .elementor-heading-title[class*=elementor-size-]>a{color:inherit;font-size:inherit;line-height:inherit}.elementor-widget-heading .elementor-heading-title.elementor-size-small{font-size:15px}.elementor-widget-heading .elementor-heading-title.elementor-size-medium{font-size:19px}.elementor-widget-heading .elementor-heading-title.elementor-size-large{font-size:29px}.elementor-widget-heading .elementor-heading-title.elementor-size-xl{font-size:39px}.elementor-widget-heading .elementor-heading-title.elementor-size-xxl{font-size:59px}<\/style><h2 class=\"elementor-heading-title elementor-size-default\">We are Quoicoujeux !!<\/h2>\t\t<\/div>\n\t\t\t\t<\/div>\n\t\t\t\t<div class=\"elementor-element elementor-element-9c245e1 elementor-widget elementor-widget-image\" data-id=\"9c245e1\" data-element_type=\"widget\" data-widget_type=\"image.default\">\n\t\t\t\t<div class=\"elementor-widget-container\">\n\t\t\t<style>\/*! elementor - v3.19.0 - 07-02-2024 *\/\n.elementor-widget-image{text-align:center}.elementor-widget-image a{display:inline-block}.elementor-widget-image a img[src$=\".svg\"]{width:48px}.elementor-widget-image img{vertical-align:middle;display:inline-block}<\/style>\t\t\t\t\t\t\t\t\t\t<img fetchpriority=\"high\" decoding=\"async\" width=\"640\" height=\"360\" src=\"http:\/\/makingblog.audencia.com\/temps-mort\/wp-content\/uploads\/2024\/03\/quoicoujeeuxpng-1024x576.png\" class=\"attachment-large size-large wp-image-386\" alt=\"\" srcset=\"http:\/\/makingblog.audencia.com\/temps-mort\/wp-content\/uploads\/2024\/03\/quoicoujeeuxpng-1024x576.png 1024w, http:\/\/makingblog.audencia.com\/temps-mort\/wp-content\/uploads\/2024\/03\/quoicoujeeuxpng-300x169.png 300w, http:\/\/makingblog.audencia.com\/temps-mort\/wp-content\/uploads\/2024\/03\/quoicoujeeuxpng-768x432.png 768w, http:\/\/makingblog.audencia.com\/temps-mort\/wp-content\/uploads\/2024\/03\/quoicoujeeuxpng-1536x864.png 1536w, http:\/\/makingblog.audencia.com\/temps-mort\/wp-content\/uploads\/2024\/03\/quoicoujeeuxpng-2048x1152.png 2048w, http:\/\/makingblog.audencia.com\/temps-mort\/wp-content\/uploads\/2024\/03\/quoicoujeeuxpng-1280x720.png 1280w\" sizes=\"(max-width: 640px) 100vw, 640px\" \/>\t\t\t\t\t\t\t\t\t\t\t\t\t<\/div>\n\t\t\t\t<\/div>\n\t\t\t\t<div class=\"elementor-element elementor-element-9684403 elementor-widget elementor-widget-text-editor\" data-id=\"9684403\" data-element_type=\"widget\" data-widget_type=\"text-editor.default\">\n\t\t\t\t<div class=\"elementor-widget-container\">\n\t\t\t<style>\/*! elementor - v3.19.0 - 07-02-2024 *\/\n.elementor-widget-text-editor.elementor-drop-cap-view-stacked .elementor-drop-cap{background-color:#69727d;color:#fff}.elementor-widget-text-editor.elementor-drop-cap-view-framed .elementor-drop-cap{color:#69727d;border:3px solid;background-color:transparent}.elementor-widget-text-editor:not(.elementor-drop-cap-view-default) .elementor-drop-cap{margin-top:8px}.elementor-widget-text-editor:not(.elementor-drop-cap-view-default) .elementor-drop-cap-letter{width:1em;height:1em}.elementor-widget-text-editor .elementor-drop-cap{float:left;text-align:center;line-height:1;font-size:50px}.elementor-widget-text-editor .elementor-drop-cap-letter{display:inline-block}<\/style>\t\t\t\t<p style=\"text-align: justify;\"><span style=\"font-weight: 400; font-family: 'Trebuchet MS', Geneva;\">Honn\u00eatement, on a pas vraiment d&rsquo;histoire particuli\u00e8re \u00e0 vous raconter concernant la cr\u00e9ation du blog. <\/span><\/p><p style=\"text-align: justify;\"><span style=\"font-weight: 400; font-family: 'Trebuchet MS', Geneva;\">\u00c0 la base, on est juste trois potes qui font leurs \u00e9tudes de communication ensemble, et qui se sont fait chier bien trop de fois pendant les pauses du midi ou entre deux cours. La seule chose qu&rsquo;on avait \u00e0 notre disposition pour faire passer le temps, c&rsquo;\u00e9tait le vieux jeu de cartes qui tra\u00eenait dans le sac de Louise.<\/span><\/p><p style=\"text-align: justify;\"><span style=\"font-weight: 400; font-family: 'Trebuchet MS', Geneva;\">\u00c0 partir de l\u00e0, on a commenc\u00e9 \u00e0 jouer et s&rsquo;int\u00e9resser de plus en plus \u00e0 tous les types de jeux de soci\u00e9t\u00e9 qu&rsquo;on d\u00e9couvrait. Au final, ils ont fini par rythmer nos journ\u00e9es et soir\u00e9es, que ce soit \u00e0 l\u2019\u00e9cole, chez les copains ou au bar. De ce fait, on a accumul\u00e9 pas mal d\u2019exp\u00e9rience dans ce domaine et nous, on aime le partage.<\/span><\/p><p style=\"text-align: justify;\"><span style=\"font-weight: 400; font-family: 'Trebuchet MS', Geneva;\">Vous trouverez sur ce blog nos jeux coups de c\u0153ur, \u00e0 deux ou en groupe, avec et sans alcool.\u00a0<\/span><\/p><p><span style=\"font-family: 'Trebuchet MS', Geneva;\">Pour se pr\u00e9senter bri\u00e8vement, nous sommes trois : F\u00e9lix le quoicoublagueur de la bande, Louise \u00a0la reine des jeux de cartes et Lili l&rsquo;experte des jeux des soir\u00e9es.\u00a0<\/span><\/p><p style=\"text-align: justify;\"><span style=\"font-weight: 400; font-family: 'Trebuchet MS', Geneva;\">Gardez \u00e0 l\u2019esprit que la qualit\u00e9 ou la complexit\u00e9 des jeux n\u2019assurent pas forc\u00e9ment le fun. \u00c0 titre personnel, on a pass\u00e9 4 mois \u00e0 jouer au \u201cpr\u00e9sident\u201d avant de commencer \u00e0 se lasser\u2026<\/span><\/p><p style=\"text-align: justify;\"><span style=\"font-weight: 400; font-family: 'Trebuchet MS', Geneva;\">PS : Si tu te sens offens\u00e9 en lisant nos articles, dommage.<\/span><\/p><p style=\"text-align: justify;\"><br style=\"font-weight: 400;\" \/><br style=\"font-weight: 400;\" \/><\/p>\t\t\t\t\t\t<\/div>\n\t\t\t\t<\/div>\n\t\t\t\t\t<\/div>\n\t\t\t\t<\/div>\n\t\t\t\t<\/div>\n\t\t","protected":false},"excerpt":{"rendered":"<p>We are Quoicoujeux !! Honn\u00eatement, on a pas vraiment d&rsquo;histoire particuli\u00e8re \u00e0 vous raconter concernant la cr\u00e9ation du blog. \u00c0 la base, on est juste trois potes qui font leurs \u00e9tudes de communication ensemble, et qui se sont fait chier bien trop de fois pendant les pauses du midi ou entre deux cours. La seule [&hellip;]<\/p>\n","protected":false},"author":2,"featured_media":0,"parent":0,"menu_order":0,"comment_status":"closed","ping_status":"closed","template":"","meta":{"footnotes":""},"class_list":["post-138","page","type-page","status-publish","hentry"],"_links":{"self":[{"href":"http:\/\/makingblog.audencia.com\/temps-mort\/wp-json\/wp\/v2\/pages\/138","targetHints":{"allow":["GET"]}}],"collection":[{"href":"http:\/\/makingblog.audencia.com\/temps-mort\/wp-json\/wp\/v2\/pages"}],"about":[{"href":"http:\/\/makingblog.audencia.com\/temps-mort\/wp-json\/wp\/v2\/types\/page"}],"author":[{"embeddable":true,"href":"http:\/\/makingblog.audencia.com\/temps-mort\/wp-json\/wp\/v2\/users\/2"}],"replies":[{"embeddable":true,"href":"http:\/\/makingblog.audencia.com\/temps-mort\/wp-json\/wp\/v2\/comments?post=138"}],"version-history":[{"count":41,"href":"http:\/\/makingblog.audencia.com\/temps-mort\/wp-json\/wp\/v2\/pages\/138\/revisions"}],"predecessor-version":[{"id":496,"href":"http:\/\/makingblog.audencia.com\/temps-mort\/wp-json\/wp\/v2\/pages\/138\/revisions\/496"}],"wp:attachment":[{"href":"http:\/\/makingblog.audencia.com\/temps-mort\/wp-json\/wp\/v2\/media?parent=138"}],"curies":[{"name":"wp","href":"https:\/\/api.w.org\/{rel}","templated":true}]}}