{"id":13,"date":"2024-02-08T10:56:50","date_gmt":"2024-02-08T09:56:50","guid":{"rendered":"https:\/\/makingblog.audencia.com\/lumos-maxima\/?page_id=13"},"modified":"2024-03-20T12:53:04","modified_gmt":"2024-03-20T11:53:04","slug":"a-propos-de","status":"publish","type":"page","link":"http:\/\/makingblog.audencia.com\/lumos-maxima\/a-propos-de\/","title":{"rendered":"\u00c0 propos de nous"},"content":{"rendered":"\n<div class=\"wp-block-columns alignwide is-layout-flex wp-container-core-columns-is-layout-28f84493 wp-block-columns-is-layout-flex\">\n<div class=\"wp-block-column is-vertically-aligned-top is-layout-flow wp-block-column-is-layout-flow\">\n<figure class=\"wp-block-image aligncenter size-full is-resized\"><img fetchpriority=\"high\" decoding=\"async\" width=\"1320\" height=\"1392\" src=\"https:\/\/makingblog.audencia.com\/lumos-maxima\/wp-content\/uploads\/2024\/03\/Capture-decran-2024-03-11-a-18.22.01.png\" alt=\"\" class=\"wp-image-107\" style=\"aspect-ratio:1.3333333333333333;object-fit:cover;width:531px;height:auto\" srcset=\"http:\/\/makingblog.audencia.com\/lumos-maxima\/wp-content\/uploads\/2024\/03\/Capture-decran-2024-03-11-a-18.22.01.png 1320w, http:\/\/makingblog.audencia.com\/lumos-maxima\/wp-content\/uploads\/2024\/03\/Capture-decran-2024-03-11-a-18.22.01-284x300.png 284w, http:\/\/makingblog.audencia.com\/lumos-maxima\/wp-content\/uploads\/2024\/03\/Capture-decran-2024-03-11-a-18.22.01-971x1024.png 971w, http:\/\/makingblog.audencia.com\/lumos-maxima\/wp-content\/uploads\/2024\/03\/Capture-decran-2024-03-11-a-18.22.01-768x810.png 768w\" sizes=\"(max-width: 1320px) 100vw, 1320px\" \/><\/figure>\n<\/div>\n\n\n\n<div class=\"wp-block-column is-layout-flow wp-block-column-is-layout-flow\">\n<figure class=\"wp-block-pullquote has-text-align-center has-primary-color has-text-color has-tiny-font-size\"><blockquote><p><em>\u00ab&nbsp;Les plus beaux films te font voyager, que ce soit dans leur univers ou \u00e0 travers les \u00e9motions. Tu aimerais que la s\u00e9ance ne se termine jamais.\u00bb  <\/em><br><br>Mathieu, d\u00e9finition donn\u00e9 au cours d&rsquo;une discussion<\/p><\/blockquote><\/figure>\n\n\n\n<div class=\"wp-block-group is-layout-flow wp-block-group-is-layout-flow\" style=\"padding-top:1em\">\n<p class=\"has-foreground-color has-text-color has-small-font-size\">Apr\u00e8s avoir d\u00e9couvert Transformers et Batman lorsqu&rsquo;il \u00e9tait enfant, Mathieu est tomb\u00e9 amoureux du cin\u00e9ma au lyc\u00e9e, dans sa sp\u00e9cialit\u00e9 du m\u00eame nom, lorsqu&rsquo;il a d\u00e9couvert Citizen Kane et d&rsquo;autres long m\u00e9trages du m\u00eame calibre. <\/p>\n\n\n\n<p class=\"has-foreground-color has-text-color has-small-font-size\">Au fil des ann\u00e9es, il a particip\u00e9 \u00e0 de nombreux tournages amateurs avec divers casquettes, r\u00e9alis\u00e9 lui-m\u00eame plusieurs courts et continu\u00e9 \u00e0 d\u00e9vorer chaque film qui lui passait sous la main.<\/p>\n<\/div>\n<\/div>\n<\/div>\n\n\n\n<hr class=\"wp-block-separator has-alpha-channel-opacity\"\/>\n\n\n\n<div class=\"wp-block-columns alignwide is-layout-flex wp-container-core-columns-is-layout-28f84493 wp-block-columns-is-layout-flex\">\n<div class=\"wp-block-column is-vertically-aligned-center is-layout-flow wp-block-column-is-layout-flow\">\n<figure class=\"wp-block-pullquote has-text-align-center has-foreground-color has-text-color has-small-font-size\"><blockquote><p><em><mark style=\"background-color:rgba(0, 0, 0, 0)\" class=\"has-inline-color has-primary-color\">\u00ab\u00a0Real cinema is about what you feel while watching it<\/mark> <mark style=\"background-color:rgba(0, 0, 0, 0)\" class=\"has-inline-color has-primary-color\">!\u00a0\u00bb<\/mark><\/em><br><br><mark style=\"background-color:rgba(0, 0, 0, 0)\" class=\"has-inline-color has-primary-color\"><em>Citation vue sur Instagram \ud83e\udee3 <\/em><\/mark><br><br>\u201cD&rsquo;aussi loin que je me souvienne, j&rsquo;ai toujours \u00e9t\u00e9 passionn\u00e9e de cin\u00e9ma. Petite, j&rsquo;\u00e9tais fascin\u00e9e par les films de science-fiction et les films fantastiques. Ils r\u00e9ussissaient \u00e0 me plonger dans un univers qui me faisait r\u00eaver, un univers qu&rsquo;on ne pouvait qu&rsquo;imaginer, et je me demandais comment ils faisaient pour le reproduire \u00e0 l&rsquo;\u00e9cran. C&rsquo;est \u00e0 travers des films tels que Harry Potter, Narnia, Avatar, Hunger Games, &#8230; (des classiques !!), que j&rsquo;ai d\u00e9couvert cet art.<br><br>Bien s\u00fbr, en grandissant, j&rsquo;ai continu\u00e9 \u00e0 m&rsquo;y int\u00e9resser davantage, en apprenant toujours plus, et je ne m&rsquo;en lasse pas !\u00a0\u00bb<br><br><\/p><\/blockquote><\/figure>\n<\/div>\n\n\n\n<div class=\"wp-block-column is-layout-flow wp-block-column-is-layout-flow\">\n<figure class=\"wp-block-image aligncenter size-full is-resized\"><img decoding=\"async\" width=\"769\" height=\"1024\" src=\"https:\/\/makingblog.audencia.com\/lumos-maxima\/wp-content\/uploads\/2024\/03\/CA8333CD-F34C-4636-8392-D5F9FF117276_1_105_c.jpeg\" alt=\"\" class=\"wp-image-123\" style=\"width:376px;height:auto\" srcset=\"http:\/\/makingblog.audencia.com\/lumos-maxima\/wp-content\/uploads\/2024\/03\/CA8333CD-F34C-4636-8392-D5F9FF117276_1_105_c.jpeg 769w, http:\/\/makingblog.audencia.com\/lumos-maxima\/wp-content\/uploads\/2024\/03\/CA8333CD-F34C-4636-8392-D5F9FF117276_1_105_c-225x300.jpeg 225w\" sizes=\"(max-width: 769px) 100vw, 769px\" \/><\/figure>\n<\/div>\n<\/div>\n","protected":false},"excerpt":{"rendered":"<p>\u00ab&nbsp;Les plus beaux films te font voyager, que ce soit dans leur univers ou \u00e0 travers les \u00e9motions. Tu aimerais que la s\u00e9ance ne se termine jamais.\u00bb Mathieu, d\u00e9finition donn\u00e9 au cours d&rsquo;une discussion Apr\u00e8s avoir d\u00e9couvert Transformers et Batman lorsqu&rsquo;il \u00e9tait enfant, Mathieu est tomb\u00e9 amoureux du cin\u00e9ma au lyc\u00e9e, dans sa sp\u00e9cialit\u00e9 du [&hellip;]<\/p>\n","protected":false},"author":3,"featured_media":0,"parent":0,"menu_order":0,"comment_status":"closed","ping_status":"closed","template":"","meta":{"footnotes":""},"class_list":["post-13","page","type-page","status-publish","hentry"],"_links":{"self":[{"href":"http:\/\/makingblog.audencia.com\/lumos-maxima\/wp-json\/wp\/v2\/pages\/13","targetHints":{"allow":["GET"]}}],"collection":[{"href":"http:\/\/makingblog.audencia.com\/lumos-maxima\/wp-json\/wp\/v2\/pages"}],"about":[{"href":"http:\/\/makingblog.audencia.com\/lumos-maxima\/wp-json\/wp\/v2\/types\/page"}],"author":[{"embeddable":true,"href":"http:\/\/makingblog.audencia.com\/lumos-maxima\/wp-json\/wp\/v2\/users\/3"}],"replies":[{"embeddable":true,"href":"http:\/\/makingblog.audencia.com\/lumos-maxima\/wp-json\/wp\/v2\/comments?post=13"}],"version-history":[{"count":14,"href":"http:\/\/makingblog.audencia.com\/lumos-maxima\/wp-json\/wp\/v2\/pages\/13\/revisions"}],"predecessor-version":[{"id":273,"href":"http:\/\/makingblog.audencia.com\/lumos-maxima\/wp-json\/wp\/v2\/pages\/13\/revisions\/273"}],"wp:attachment":[{"href":"http:\/\/makingblog.audencia.com\/lumos-maxima\/wp-json\/wp\/v2\/media?parent=13"}],"curies":[{"name":"wp","href":"https:\/\/api.w.org\/{rel}","templated":true}]}}