{"id":30,"date":"2024-02-08T11:00:00","date_gmt":"2024-02-08T10:00:00","guid":{"rendered":"https:\/\/makingblog.audencia.com\/au-fil-du-temps\/?page_id=30"},"modified":"2024-02-22T10:54:25","modified_gmt":"2024-02-22T09:54:25","slug":"a-propos-de","status":"publish","type":"page","link":"http:\/\/makingblog.audencia.com\/au-fil-du-temps\/a-propos-de\/","title":{"rendered":"Qui sommes-nous ?"},"content":{"rendered":"\t\t<div data-elementor-type=\"wp-page\" data-elementor-id=\"30\" class=\"elementor elementor-30\">\n\t\t\t\t<div class=\"elementor-element elementor-element-119d96ea e-flex e-con-boxed e-con e-parent\" data-id=\"119d96ea\" data-element_type=\"container\" data-settings=\"{&quot;content_width&quot;:&quot;boxed&quot;}\" data-core-v316-plus=\"true\">\n\t\t\t\t\t<div class=\"e-con-inner\">\n\t\t\t\t<div class=\"elementor-element elementor-element-59a0113 elementor-widget elementor-widget-text-editor\" data-id=\"59a0113\" data-element_type=\"widget\" data-widget_type=\"text-editor.default\">\n\t\t\t\t<div class=\"elementor-widget-container\">\n\t\t\t<style>\/*! elementor - v3.19.0 - 07-02-2024 *\/\n.elementor-widget-text-editor.elementor-drop-cap-view-stacked .elementor-drop-cap{background-color:#69727d;color:#fff}.elementor-widget-text-editor.elementor-drop-cap-view-framed .elementor-drop-cap{color:#69727d;border:3px solid;background-color:transparent}.elementor-widget-text-editor:not(.elementor-drop-cap-view-default) .elementor-drop-cap{margin-top:8px}.elementor-widget-text-editor:not(.elementor-drop-cap-view-default) .elementor-drop-cap-letter{width:1em;height:1em}.elementor-widget-text-editor .elementor-drop-cap{float:left;text-align:center;line-height:1;font-size:50px}.elementor-widget-text-editor .elementor-drop-cap-letter{display:inline-block}<\/style>\t\t\t\t<p><!-- wp:paragraph --><\/p>\n<p><span style=\"color: #000000;\">On se pr\u00e9sente !<\/span><\/p>\n<p><span style=\"color: #000000;\"><!-- \/wp:paragraph --><\/span><\/p>\n<p><span style=\"color: #000000;\"><!-- wp:paragraph --><\/span><\/p>\n<p><span style=\"color: #000000;\">Nous sommes Annabelle et Lia, deux \u00e9tudiantes en communication anim\u00e9es par une passion d\u00e9vorante pour la mode et son histoire. Ensemble, nous avons d\u00e9cid\u00e9 de cr\u00e9er ce blog pour partager notre fascination pour l&rsquo;incroyable richesse et la diversit\u00e9 des v\u00eatements \u00e0 travers les si\u00e8cles. \ud83d\ude0d<\/span><\/p>\n<p><span style=\"color: #000000;\"><!-- \/wp:paragraph --><\/span><\/p>\n<p><span style=\"color: #000000;\"><!-- wp:image {\"id\":102,\"sizeSlug\":\"large\",\"linkDestination\":\"none\"} --><\/span><\/p>\n<figure class=\"wp-block-image size-large\"><img fetchpriority=\"high\" decoding=\"async\" width=\"1024\" height=\"768\" class=\"wp-image-102\" src=\"https:\/\/makingblog.audencia.com\/au-fil-du-temps\/wp-content\/uploads\/2024\/02\/photo-a-et-l-1024x768.jpg\" alt=\"\" srcset=\"http:\/\/makingblog.audencia.com\/au-fil-du-temps\/wp-content\/uploads\/2024\/02\/photo-a-et-l-1024x768.jpg 1024w, http:\/\/makingblog.audencia.com\/au-fil-du-temps\/wp-content\/uploads\/2024\/02\/photo-a-et-l-300x225.jpg 300w, http:\/\/makingblog.audencia.com\/au-fil-du-temps\/wp-content\/uploads\/2024\/02\/photo-a-et-l-768x576.jpg 768w, http:\/\/makingblog.audencia.com\/au-fil-du-temps\/wp-content\/uploads\/2024\/02\/photo-a-et-l-1536x1152.jpg 1536w, http:\/\/makingblog.audencia.com\/au-fil-du-temps\/wp-content\/uploads\/2024\/02\/photo-a-et-l-80x60.jpg 80w, http:\/\/makingblog.audencia.com\/au-fil-du-temps\/wp-content\/uploads\/2024\/02\/photo-a-et-l.jpg 1920w\" sizes=\"(max-width: 1024px) 100vw, 1024px\" \/><\/figure>\n<p><span style=\"color: #000000;\"><!-- \/wp:image --><\/span><\/p>\n<p><span style=\"color: #000000;\"><!-- wp:paragraph --><\/span><\/p>\n<p><span style=\"color: #000000; font-family: var( --e-global-typography-text-font-family ), Sans-serif; font-weight: var( --e-global-typography-text-font-weight );\">Tu cherches \u00e0 en savoir plus sur l\u2019histoire des v\u00eatements et comment chaque pi\u00e8ce a \u00e9volu\u00e9 dans le temps\u202f? Bienvenue sur notre blog o\u00f9 tu d\u00e9couvriras toute l\u2019histoire des pi\u00e8ces de ton dressing ! \u2728\u00a0<\/span><\/p>\n<p><span style=\"color: #000000;\"><!-- \/wp:paragraph --><\/span><\/p>\n<p><span style=\"color: #000000;\"><!-- wp:paragraph {\"align\":\"left\"} --><\/span><\/p>\n<p class=\"has-text-align-left\"><span style=\"color: #000000;\">\ud83d\udd70\ufe0f Plonge dans un voyage \u00e0 travers les \u00e9poques et explore l&rsquo;\u00e9volution fascinante de la mode, des premiers v\u00eatements pr\u00e9historiques aux tendances contemporaines. \ud83d\udcbc \ud83d\udcdc\u00a0<\/span><\/p>\n<p><span style=\"color: #000000;\"><!-- \/wp:paragraph --><\/span><\/p>\n<p><span style=\"color: #000000;\"><!-- wp:paragraph {\"align\":\"left\"} --><\/span><\/p>\n<p class=\"has-text-align-left\"><span style=\"color: #000000;\">Notre mission est de t&rsquo;offrir un regard approfondi sur l&rsquo;histoire des v\u00eatements, en mettant en lumi\u00e8re les influences culturelles, les innovations techniques et les mouvements sociaux qui ont fa\u00e7onn\u00e9 notre fa\u00e7on de nous habiller. \ud83d\udc51\u00a0<\/span><\/p>\n<p><span style=\"color: #000000;\"><!-- \/wp:paragraph --><\/span><\/p>\n<p><span style=\"color: #000000;\"><!-- wp:paragraph {\"align\":\"left\"} --><\/span><\/p>\n<p class=\"has-text-align-left\"><span style=\"color: #000000;\">Que tu sois un passionn\u00e9 d&rsquo;histoire, un \u00e9tudiant en mode ou simplement curieux de comprendre les origines de tes v\u00eatements pr\u00e9f\u00e9r\u00e9s, tu trouveras ici des articles captivants, des anecdotes surprenantes et des analyses d\u00e9taill\u00e9es pour satisfaire ta soif de connaissance. \ud83d\udca1\u00a0<\/span><\/p>\n<p><span style=\"color: #000000;\"><!-- \/wp:paragraph --><\/span><\/p>\n<p><span style=\"color: #000000;\"><!-- wp:paragraph {\"align\":\"left\"} --><\/span><\/p>\n<p class=\"has-text-align-left\"><span style=\"color: #000000;\">Rejoins-nous dans cette exploration enrichissante o\u00f9 chaque v\u00eatement raconte une histoire unique et o\u00f9 chaque \u00e9poque laisse son empreinte sur notre garde-robe moderne ! \ud83c\udf1f<\/span><\/p>\n<p><!-- \/wp:paragraph --><\/p>\t\t\t\t\t\t<\/div>\n\t\t\t\t<\/div>\n\t\t\t\t\t<\/div>\n\t\t\t\t<\/div>\n\t\t\t\t<\/div>\n\t\t","protected":false},"excerpt":{"rendered":"<p>On se pr\u00e9sente ! Nous sommes Annabelle et Lia, deux \u00e9tudiantes en communication anim\u00e9es par une passion d\u00e9vorante pour la mode et son histoire. Ensemble, nous avons d\u00e9cid\u00e9 de cr\u00e9er ce blog pour partager notre fascination pour l&rsquo;incroyable richesse et la diversit\u00e9 des v\u00eatements \u00e0 travers les si\u00e8cles. \ud83d\ude0d Tu cherches \u00e0 en savoir plus &hellip; <\/p>\n","protected":false},"author":3,"featured_media":0,"parent":0,"menu_order":0,"comment_status":"closed","ping_status":"closed","template":"","meta":{"footnotes":""},"class_list":["post-30","page","type-page","status-publish","hentry","latest_post"],"_links":{"self":[{"href":"http:\/\/makingblog.audencia.com\/au-fil-du-temps\/wp-json\/wp\/v2\/pages\/30","targetHints":{"allow":["GET"]}}],"collection":[{"href":"http:\/\/makingblog.audencia.com\/au-fil-du-temps\/wp-json\/wp\/v2\/pages"}],"about":[{"href":"http:\/\/makingblog.audencia.com\/au-fil-du-temps\/wp-json\/wp\/v2\/types\/page"}],"author":[{"embeddable":true,"href":"http:\/\/makingblog.audencia.com\/au-fil-du-temps\/wp-json\/wp\/v2\/users\/3"}],"replies":[{"embeddable":true,"href":"http:\/\/makingblog.audencia.com\/au-fil-du-temps\/wp-json\/wp\/v2\/comments?post=30"}],"version-history":[{"count":10,"href":"http:\/\/makingblog.audencia.com\/au-fil-du-temps\/wp-json\/wp\/v2\/pages\/30\/revisions"}],"predecessor-version":[{"id":115,"href":"http:\/\/makingblog.audencia.com\/au-fil-du-temps\/wp-json\/wp\/v2\/pages\/30\/revisions\/115"}],"wp:attachment":[{"href":"http:\/\/makingblog.audencia.com\/au-fil-du-temps\/wp-json\/wp\/v2\/media?parent=30"}],"curies":[{"name":"wp","href":"https:\/\/api.w.org\/{rel}","templated":true}]}}

<div data-elementor-type="wp-page" data-elementor-id="30" class="elementor elementor-30">
				<div class="elementor-element elementor-element-119d96ea e-flex e-con-boxed e-con e-parent" data-id="119d96ea" data-element_type="container" data-settings="{&quot;content_width&quot;:&quot;boxed&quot;}" data-core-v316-plus="true">
					<div class="e-con-inner">
				<div class="elementor-element elementor-element-59a0113 elementor-widget elementor-widget-text-editor" data-id="59a0113" data-element_type="widget" data-widget_type="text-editor.default">
				<div class="elementor-widget-container">
			<style>/*! elementor - v3.19.0 - 07-02-2024 */
.elementor-widget-text-editor.elementor-drop-cap-view-stacked .elementor-drop-cap{background-color:#69727d;color:#fff}.elementor-widget-text-editor.elementor-drop-cap-view-framed .elementor-drop-cap{color:#69727d;border:3px solid;background-color:transparent}.elementor-widget-text-editor:not(.elementor-drop-cap-view-default) .elementor-drop-cap{margin-top:8px}.elementor-widget-text-editor:not(.elementor-drop-cap-view-default) .elementor-drop-cap-letter{width:1em;height:1em}.elementor-widget-text-editor .elementor-drop-cap{float:left;text-align:center;line-height:1;font-size:50px}.elementor-widget-text-editor .elementor-drop-cap-letter{display:inline-block}</style>				<p><!-- wp:paragraph --></p>
<p><span style="color: #000000;">On se présente !</span></p>
<p><span style="color: #000000;"><!-- /wp:paragraph --></span></p>
<p><span style="color: #000000;"><!-- wp:paragraph --></span></p>
<p><span style="color: #000000;">Nous sommes Annabelle et Lia, deux étudiantes en communication animées par une passion dévorante pour la mode et son histoire. Ensemble, nous avons décidé de créer ce blog pour partager notre fascination pour l&rsquo;incroyable richesse et la diversité des vêtements à travers les siècles. 😍</span></p>
<p><span style="color: #000000;"><!-- /wp:paragraph --></span></p>
<p><span style="color: #000000;"><!-- wp:image {"id":102,"sizeSlug":"large","linkDestination":"none"} --></span></p>
<figure class="wp-block-image size-large"><img fetchpriority="high" decoding="async" width="1024" height="768" class="wp-image-102" src="https://makingblog.audencia.com/au-fil-du-temps/wp-content/uploads/2024/02/photo-a-et-l-1024x768.jpg" alt="" srcset="http://makingblog.audencia.com/au-fil-du-temps/wp-content/uploads/2024/02/photo-a-et-l-1024x768.jpg 1024w, http://makingblog.audencia.com/au-fil-du-temps/wp-content/uploads/2024/02/photo-a-et-l-300x225.jpg 300w, http://makingblog.audencia.com/au-fil-du-temps/wp-content/uploads/2024/02/photo-a-et-l-768x576.jpg 768w, http://makingblog.audencia.com/au-fil-du-temps/wp-content/uploads/2024/02/photo-a-et-l-1536x1152.jpg 1536w, http://makingblog.audencia.com/au-fil-du-temps/wp-content/uploads/2024/02/photo-a-et-l-80x60.jpg 80w, http://makingblog.audencia.com/au-fil-du-temps/wp-content/uploads/2024/02/photo-a-et-l.jpg 1920w" sizes="(max-width: 1024px) 100vw, 1024px" /></figure>
<p><span style="color: #000000;"><!-- /wp:image --></span></p>
<p><span style="color: #000000;"><!-- wp:paragraph --></span></p>
<p><span style="color: #000000; font-family: var( --e-global-typography-text-font-family ), Sans-serif; font-weight: var( --e-global-typography-text-font-weight );">Tu cherches à en savoir plus sur l’histoire des vêtements et comment chaque pièce a évolué dans le temps ? Bienvenue sur notre blog où tu découvriras toute l’histoire des pièces de ton dressing ! ✨ </span></p>
<p><span style="color: #000000;"><!-- /wp:paragraph --></span></p>
<p><span style="color: #000000;"><!-- wp:paragraph {"align":"left"} --></span></p>
<p class="has-text-align-left"><span style="color: #000000;">🕰️ Plonge dans un voyage à travers les époques et explore l&rsquo;évolution fascinante de la mode, des premiers vêtements préhistoriques aux tendances contemporaines. 💼 📜 </span></p>
<p><span style="color: #000000;"><!-- /wp:paragraph --></span></p>
<p><span style="color: #000000;"><!-- wp:paragraph {"align":"left"} --></span></p>
<p class="has-text-align-left"><span style="color: #000000;">Notre mission est de t&rsquo;offrir un regard approfondi sur l&rsquo;histoire des vêtements, en mettant en lumière les influences culturelles, les innovations techniques et les mouvements sociaux qui ont façonné notre façon de nous habiller. 👑 </span></p>
<p><span style="color: #000000;"><!-- /wp:paragraph --></span></p>
<p><span style="color: #000000;"><!-- wp:paragraph {"align":"left"} --></span></p>
<p class="has-text-align-left"><span style="color: #000000;">Que tu sois un passionné d&rsquo;histoire, un étudiant en mode ou simplement curieux de comprendre les origines de tes vêtements préférés, tu trouveras ici des articles captivants, des anecdotes surprenantes et des analyses détaillées pour satisfaire ta soif de connaissance. 💡 </span></p>
<p><span style="color: #000000;"><!-- /wp:paragraph --></span></p>
<p><span style="color: #000000;"><!-- wp:paragraph {"align":"left"} --></span></p>
<p class="has-text-align-left"><span style="color: #000000;">Rejoins-nous dans cette exploration enrichissante où chaque vêtement raconte une histoire unique et où chaque époque laisse son empreinte sur notre garde-robe moderne ! 🌟</span></p>
<p><!-- /wp:paragraph --></p>						</div>
				</div>
					</div>
				</div>
				</div>

<p>On se présente ! Nous sommes Annabelle et Lia, deux étudiantes en communication animées par une passion dévorante pour la mode et son histoire. Ensemble, nous avons décidé de créer ce blog pour partager notre fascination pour l&rsquo;incroyable richesse et la diversité des vêtements à travers les siècles. 😍 Tu cherches à en savoir plus &hellip; </p>
